CRAN Package Check Results for Package coronavirus

Last updated on 2022-01-25 07:50:02 CET.

Flavor Version Tinstall Tcheck Ttotal Status Flags
r-devel-linux-x86_64-debian-clang 0.3.31 10.43 51.07 61.50 OK
r-devel-linux-x86_64-debian-gcc 0.3.31 9.47 43.25 52.72 OK
r-devel-linux-x86_64-fedora-clang 0.3.31 79.24 NOTE
r-devel-linux-x86_64-fedora-gcc 0.3.31 67.19 NOTE
r-devel-windows-x86_64-new-UL 0.3.31 45.00 73.00 118.00 NOTE
r-devel-windows-x86_64-new-TK 0.3.31 NOTE
r-patched-linux-x86_64 0.3.31 8.12 48.55 56.67 OK
r-release-linux-x86_64 0.3.31 8.27 49.27 57.54 OK
r-release-macos-arm64 0.3.31 NOTE
r-release-macos-x86_64 0.3.31 NOTE
r-release-windows-ix86+x86_64 0.3.31 18.00 62.00 80.00 NOTE
r-oldrel-macos-x86_64 0.3.31 NOTE
r-oldrel-windows-ix86+x86_64 0.3.31 17.00 63.00 80.00 NOTE

Check Details

Version: 0.3.31
Check: installed package size
Result: NOTE
     installed size is 5.2Mb
     sub-directories of 1Mb or more:
     data 1.3Mb
     help 3.8Mb
Flavors: r-devel-linux-x86_64-fedora-clang, r-devel-windows-x86_64-new-UL, r-release-macos-arm64, r-release-macos-x86_64, r-release-windows-ix86+x86_64, r-oldrel-macos-x86_64, r-oldrel-windows-ix86+x86_64

Version: 0.3.31
Check: data for non-ASCII characters
Result: NOTE
     Note: found 6 marked UTF-8 strings
Flavors: r-devel-linux-x86_64-fedora-clang, r-devel-linux-x86_64-fedora-gcc, r-devel-windows-x86_64-new-TK, r-release-macos-arm64, r-release-macos-x86_64, r-oldrel-macos-x86_64