CRAN Package Check Results for Package condTruncMVN

Last updated on 2021-05-11 07:47:45 CEST.

Flavor Version Tinstall Tcheck Ttotal Status Flags
r-devel-linux-x86_64-debian-clang 0.0.2 7.69 69.75 77.44 NOTE
r-devel-linux-x86_64-debian-gcc 0.0.2 5.77 54.14 59.91 NOTE
r-devel-linux-x86_64-fedora-clang 0.0.2 101.73 NOTE
r-devel-linux-x86_64-fedora-gcc 0.0.2 91.23 NOTE
r-devel-windows-ix86+x86_64 0.0.2 14.00 91.00 105.00 NOTE
r-devel-windows-x86_64-gcc10-UCRT 0.0.2 NOTE
r-patched-linux-x86_64 0.0.2 7.25 68.35 75.60 NOTE
r-patched-solaris-x86 0.0.2 134.80 NOTE
r-release-linux-x86_64 0.0.2 6.94 65.50 72.44 OK
r-release-macos-x86_64 0.0.2 OK
r-release-windows-ix86+x86_64 0.0.2 12.00 69.00 81.00 OK
r-oldrel-macos-x86_64 0.0.2 OK
r-oldrel-windows-ix86+x86_64 0.0.2 16.00 84.00 100.00 OK

Check Details

Version: 0.0.2
Check: LazyData
Result: NOTE
     'LazyData' is specified without a 'data' directory
Flavors: r-devel-linux-x86_64-debian-clang, r-devel-linux-x86_64-debian-gcc, r-devel-linux-x86_64-fedora-clang, r-devel-linux-x86_64-fedora-gcc, r-devel-windows-ix86+x86_64, r-devel-windows-x86_64-gcc10-UCRT, r-patched-linux-x86_64, r-patched-solaris-x86

Version: 0.0.2
Check: Rd cross-references
Result: NOTE
    Undeclared package ‘mvtnorm’ in Rd xrefs
Flavor: r-devel-linux-x86_64-fedora-clang