CRAN Package Check Results for Package cometr

Last updated on 2021-12-02 08:51:05 CET.

Flavor Version Tinstall Tcheck Ttotal Status Flags
r-devel-linux-x86_64-debian-clang 0.2.0 3.24 25.62 28.86 NOTE
r-devel-linux-x86_64-debian-gcc 0.2.0 2.92 20.31 23.23 NOTE
r-devel-linux-x86_64-fedora-clang 0.2.0 47.90 NOTE
r-devel-linux-x86_64-fedora-gcc 0.2.0 36.16 NOTE
r-devel-windows-x86_64-new-UL 0.2.0 10.00 63.00 73.00 NOTE
r-devel-windows-x86_64-new-TK 0.2.0 NOTE
r-devel-windows-x86_64-old 0.2.0 7.00 34.00 41.00 NOTE
r-patched-linux-x86_64 0.2.0 3.73 24.74 28.47 NOTE
r-patched-solaris-x86 0.2.0 52.30 NOTE
r-release-linux-x86_64 0.2.0 4.10 24.56 28.66 NOTE
r-release-macos-arm64 0.2.0 NOTE
r-release-macos-x86_64 0.2.0 NOTE
r-release-windows-ix86+x86_64 0.2.0 7.00 45.00 52.00 NOTE
r-oldrel-macos-x86_64 0.2.0 NOTE
r-oldrel-windows-ix86+x86_64 0.2.0 7.00 42.00 49.00 OK

Check Details

Version: 0.2.0
Check: LazyData
Result: NOTE
     'LazyData' is specified without a 'data' directory
Flavors: r-devel-linux-x86_64-debian-clang, r-devel-linux-x86_64-debian-gcc, r-devel-linux-x86_64-fedora-clang, r-devel-linux-x86_64-fedora-gcc, r-devel-windows-x86_64-new-UL, r-devel-windows-x86_64-new-TK, r-devel-windows-x86_64-old, r-patched-linux-x86_64, r-patched-solaris-x86, r-release-linux-x86_64, r-release-macos-arm64, r-release-macos-x86_64, r-release-windows-ix86+x86_64

Version: 0.2.0
Check: dependencies in R code
Result: NOTE
    Namespace in Imports field not imported from: ‘R6’
     All declared Imports should be used.
Flavors: r-devel-linux-x86_64-fedora-clang, r-devel-linux-x86_64-fedora-gcc, r-devel-windows-x86_64-new-TK, r-patched-solaris-x86, r-release-macos-arm64, r-release-macos-x86_64, r-oldrel-macos-x86_64