CRAN Package Check Results for Package colorpatch

Last updated on 2022-01-24 08:52:39 CET.

Flavor Version Tinstall Tcheck Ttotal Status Flags
r-devel-linux-x86_64-debian-clang 0.1.2 3.99 63.42 67.41 OK
r-devel-linux-x86_64-debian-gcc 0.1.2 3.80 48.50 52.30 OK
r-devel-linux-x86_64-fedora-clang 0.1.2 84.92 NOTE
r-devel-linux-x86_64-fedora-gcc 0.1.2 71.16 NOTE
r-devel-windows-x86_64-new-UL 0.1.2 75.00 88.00 163.00 OK
r-devel-windows-x86_64-new-TK 0.1.2 NOTE
r-patched-linux-x86_64 0.1.2 8.24 58.47 66.71 OK
r-release-linux-x86_64 0.1.2 4.18 59.66 63.84 OK
r-release-macos-arm64 0.1.2 NOTE
r-release-macos-x86_64 0.1.2 NOTE
r-release-windows-ix86+x86_64 0.1.2 12.00 80.00 92.00 OK
r-oldrel-macos-x86_64 0.1.2 NOTE
r-oldrel-windows-ix86+x86_64 0.1.2 12.00 77.00 89.00 OK

Check Details

Version: 0.1.2
Check: dependencies in R code
Result: NOTE
    Namespaces in Imports field not imported from:
     ‘grid’ ‘gridExtra’
     All declared Imports should be used.
Flavors: r-devel-linux-x86_64-fedora-clang, r-devel-linux-x86_64-fedora-gcc, r-devel-windows-x86_64-new-TK, r-release-macos-arm64, r-release-macos-x86_64, r-oldrel-macos-x86_64