CRAN Package Check Results for Package colorfindr

Last updated on 2022-01-25 07:50:02 CET.

Flavor Version Tinstall Tcheck Ttotal Status Flags
r-devel-linux-x86_64-debian-clang 0.1.4 8.45 83.21 91.66 NOTE
r-devel-linux-x86_64-debian-gcc 0.1.4 5.96 69.51 75.47 NOTE
r-devel-linux-x86_64-fedora-clang 0.1.4 109.81 NOTE
r-devel-linux-x86_64-fedora-gcc 0.1.4 97.78 NOTE
r-devel-windows-x86_64-new-UL 0.1.4 26.00 104.00 130.00 NOTE
r-devel-windows-x86_64-new-TK 0.1.4 NOTE
r-patched-linux-x86_64 0.1.4 10.20 77.27 87.47 NOTE
r-release-linux-x86_64 0.1.4 5.99 76.89 82.88 NOTE
r-release-macos-arm64 0.1.4 NOTE
r-release-macos-x86_64 0.1.4 NOTE
r-release-windows-ix86+x86_64 0.1.4 22.00 95.00 117.00 NOTE
r-oldrel-macos-x86_64 0.1.4 OK
r-oldrel-windows-ix86+x86_64 0.1.4 20.00 98.00 118.00 OK

Check Details

Version: 0.1.4
Check: LazyData
Result: NOTE
     'LazyData' is specified without a 'data' directory
Flavors: r-devel-linux-x86_64-debian-clang, r-devel-linux-x86_64-debian-gcc, r-devel-linux-x86_64-fedora-clang, r-devel-linux-x86_64-fedora-gcc, r-devel-windows-x86_64-new-UL, r-devel-windows-x86_64-new-TK, r-patched-linux-x86_64, r-release-linux-x86_64, r-release-macos-arm64, r-release-macos-x86_64, r-release-windows-ix86+x86_64