CRAN Package Check Results for Package cogmapr

Last updated on 2021-06-19 07:48:46 CEST.

Flavor Version Tinstall Tcheck Ttotal Status Flags
r-devel-linux-x86_64-debian-clang 0.9.1 8.73 90.22 98.95 NOTE
r-devel-linux-x86_64-debian-gcc 0.9.1 6.93 68.03 74.96 NOTE
r-devel-linux-x86_64-fedora-clang 0.9.1 127.80 NOTE
r-devel-linux-x86_64-fedora-gcc 0.9.1 111.29 NOTE
r-devel-windows-x86_64 0.9.1 14.00 121.00 135.00 NOTE
r-devel-windows-x86_64-gcc10-UCRT 0.9.1 ERROR
r-patched-linux-x86_64 0.9.1 7.77 83.70 91.47 NOTE
r-patched-solaris-x86 0.9.1 156.80 NOTE
r-release-linux-x86_64 0.9.1 8.11 84.50 92.61 NOTE
r-release-macos-arm64 0.9.1 NOTE
r-release-macos-x86_64 0.9.1 NOTE
r-release-windows-ix86+x86_64 0.9.1 19.00 114.00 133.00 NOTE
r-oldrel-macos-x86_64 0.9.1 OK
r-oldrel-windows-ix86+x86_64 0.9.1 15.00 122.00 137.00 OK

Check Details

Version: 0.9.1
Check: LazyData
Result: NOTE
     'LazyData' is specified without a 'data' directory
Flavors: r-devel-linux-x86_64-debian-clang, r-devel-linux-x86_64-debian-gcc, r-devel-linux-x86_64-fedora-clang, r-devel-linux-x86_64-fedora-gcc, r-devel-windows-x86_64, r-patched-linux-x86_64, r-patched-solaris-x86, r-release-linux-x86_64, r-release-macos-arm64, r-release-macos-x86_64, r-release-windows-ix86+x86_64

Version: 0.9.1
Check: package dependencies
Result: ERROR
    Package required but not available: 'Rgraphviz'
    
    See section 'The DESCRIPTION file' in the 'Writing R Extensions'
    manual.
Flavor: r-devel-windows-x86_64-gcc10-UCRT