CRAN Package Check Results for Package codified

Last updated on 2021-06-25 08:49:55 CEST.

Flavor Version Tinstall Tcheck Ttotal Status Flags
r-devel-linux-x86_64-debian-clang 0.2.0 3.28 42.50 45.78 NOTE
r-devel-linux-x86_64-debian-gcc 0.2.0 2.64 32.62 35.26 NOTE
r-devel-linux-x86_64-fedora-clang 0.2.0 63.00 NOTE
r-devel-linux-x86_64-fedora-gcc 0.2.0 53.94 NOTE
r-devel-windows-x86_64 0.2.0 6.00 45.00 51.00 NOTE
r-devel-windows-x86_64-gcc10-UCRT 0.2.0 NOTE
r-patched-linux-x86_64 0.2.0 3.19 40.12 43.31 NOTE
r-patched-solaris-x86 0.2.0 79.00 NOTE
r-release-linux-x86_64 0.2.0 2.49 40.14 42.63 NOTE
r-release-macos-arm64 0.2.0 NOTE
r-release-macos-x86_64 0.2.0 NOTE
r-release-windows-ix86+x86_64 0.2.0 6.00 342.00 348.00 NOTE
r-oldrel-macos-x86_64 0.2.0 NOTE
r-oldrel-windows-ix86+x86_64 0.2.0 8.00 68.00 76.00 OK

Check Details

Version: 0.2.0
Check: LazyData
Result: NOTE
     'LazyData' is specified without a 'data' directory
Flavors: r-devel-linux-x86_64-debian-clang, r-devel-linux-x86_64-debian-gcc, r-devel-linux-x86_64-fedora-clang, r-devel-linux-x86_64-fedora-gcc, r-devel-windows-x86_64, r-devel-windows-x86_64-gcc10-UCRT, r-patched-linux-x86_64, r-patched-solaris-x86, r-release-linux-x86_64, r-release-macos-arm64, r-release-macos-x86_64, r-release-windows-ix86+x86_64

Version: 0.2.0
Check: dependencies in R code
Result: NOTE
    Namespaces in Imports field not imported from:
     ‘methods’ ‘readr’
     All declared Imports should be used.
Flavors: r-devel-linux-x86_64-fedora-clang, r-devel-linux-x86_64-fedora-gcc, r-devel-windows-x86_64-gcc10-UCRT, r-patched-solaris-x86, r-release-macos-arm64, r-release-macos-x86_64, r-oldrel-macos-x86_64