Last updated on 2022-08-12 07:53:11 CEST.
Flavor | Version | Tinstall | Tcheck | Ttotal | Status | Flags |
---|---|---|---|---|---|---|
r-devel-linux-x86_64-debian-clang | 4.3.2 | 26.67 | 261.33 | 288.00 | OK | |
r-devel-linux-x86_64-debian-gcc | 4.3.2 | 20.83 | 184.13 | 204.96 | NOTE | |
r-devel-linux-x86_64-fedora-clang | 4.3.2 | 337.42 | OK | |||
r-devel-linux-x86_64-fedora-gcc | 4.3.2 | 335.88 | OK | |||
r-devel-windows-x86_64 | 4.3.2 | 65.00 | 282.00 | 347.00 | OK | |
r-patched-linux-x86_64 | 4.3.2 | 23.23 | 242.38 | 265.61 | OK | |
r-release-linux-x86_64 | 4.3.2 | 27.16 | 242.75 | 269.91 | OK | |
r-release-macos-arm64 | 4.3.2 | 86.00 | OK | |||
r-release-macos-x86_64 | 4.3.2 | 177.00 | OK | |||
r-release-windows-x86_64 | 4.3.2 | 62.00 | 263.00 | 325.00 | OK | |
r-oldrel-macos-arm64 | 4.3.2 | 88.00 | OK | |||
r-oldrel-macos-x86_64 | 4.3.2 | 136.00 | OK | |||
r-oldrel-windows-ix86+x86_64 | 4.3.2 | 49.00 | 287.00 | 336.00 | OK |
Version: 4.3.2
Check: package dependencies
Result: NOTE
Package suggested but not available for checking: ‘twang’
Flavor: r-devel-linux-x86_64-debian-gcc