CRAN Package Check Results for Package clustEff

Last updated on 2021-08-04 07:49:27 CEST.

Flavor Version Tinstall Tcheck Ttotal Status Flags
r-devel-linux-x86_64-debian-clang 0.2.0 15.32 140.09 155.41 NOTE
r-devel-linux-x86_64-debian-gcc 0.2.0 11.79 101.13 112.92 NOTE
r-devel-linux-x86_64-fedora-clang 0.2.0 183.68 NOTE
r-devel-linux-x86_64-fedora-gcc 0.2.0 172.40 NOTE
r-devel-windows-x86_64 0.2.0 68.00 157.00 225.00 NOTE
r-devel-windows-x86_64-gcc10-UCRT 0.2.0 NOTE
r-patched-linux-x86_64 0.2.0 14.00 126.55 140.55 NOTE
r-patched-solaris-x86 0.2.0 255.60 NOTE
r-release-linux-x86_64 0.2.0 13.28 125.87 139.15 NOTE
r-release-macos-arm64 0.2.0 NOTE
r-release-macos-x86_64 0.2.0 NOTE
r-release-windows-ix86+x86_64 0.2.0 37.00 112.00 149.00 NOTE
r-oldrel-macos-x86_64 0.2.0 OK
r-oldrel-windows-ix86+x86_64 0.2.0 36.00 166.00 202.00 OK

Check Details

Version: 0.2.0
Check: LazyData
Result: NOTE
     'LazyData' is specified without a 'data' directory
Flavors: r-devel-linux-x86_64-debian-clang, r-devel-linux-x86_64-debian-gcc, r-devel-linux-x86_64-fedora-clang, r-devel-linux-x86_64-fedora-gcc, r-devel-windows-x86_64, r-devel-windows-x86_64-gcc10-UCRT, r-patched-linux-x86_64, r-patched-solaris-x86, r-release-linux-x86_64, r-release-macos-arm64, r-release-macos-x86_64, r-release-windows-ix86+x86_64