CRAN Package Check Results for Package clipr

Last updated on 2021-09-16 07:49:50 CEST.

Flavor Version Tinstall Tcheck Ttotal Status Flags
r-devel-linux-x86_64-debian-clang 0.7.1 1.78 24.78 26.56 NOTE
r-devel-linux-x86_64-debian-gcc 0.7.1 1.26 19.88 21.14 NOTE
r-devel-linux-x86_64-fedora-clang 0.7.1 42.31 NOTE
r-devel-linux-x86_64-fedora-gcc 0.7.1 31.40 NOTE
r-devel-windows-x86_64 0.7.1 4.00 46.00 50.00 NOTE
r-devel-windows-x86_64-gcc10-UCRT 0.7.1 NOTE
r-patched-linux-x86_64 0.7.1 1.98 23.90 25.88 NOTE
r-patched-solaris-x86 0.7.1 52.00 NOTE
r-release-linux-x86_64 0.7.1 2.03 24.18 26.21 NOTE
r-release-macos-arm64 0.7.1 NOTE
r-release-macos-x86_64 0.7.1 NOTE
r-release-windows-ix86+x86_64 0.7.1 5.00 33.00 38.00 NOTE
r-oldrel-macos-x86_64 0.7.1 OK
r-oldrel-windows-ix86+x86_64 0.7.1 11.00 39.00 50.00 OK

Check Details

Version: 0.7.1
Check: LazyData
Result: NOTE
     'LazyData' is specified without a 'data' directory
Flavors: r-devel-linux-x86_64-debian-clang, r-devel-linux-x86_64-debian-gcc, r-devel-linux-x86_64-fedora-clang, r-devel-linux-x86_64-fedora-gcc, r-devel-windows-x86_64, r-devel-windows-x86_64-gcc10-UCRT, r-patched-linux-x86_64, r-patched-solaris-x86, r-release-linux-x86_64, r-release-macos-arm64, r-release-macos-x86_64, r-release-windows-ix86+x86_64