CRAN Package Check Results for Package climaemet

Last updated on 2021-06-19 07:48:45 CEST.

Flavor Version Tinstall Tcheck Ttotal Status Flags
r-devel-linux-x86_64-debian-clang 0.2.0 9.77 78.62 88.39 NOTE
r-devel-linux-x86_64-debian-gcc 0.2.0 7.72 59.07 66.79 NOTE
r-devel-linux-x86_64-fedora-clang 0.2.0 115.88 NOTE
r-devel-linux-x86_64-fedora-gcc 0.2.0 99.59 NOTE
r-devel-windows-x86_64 0.2.0 16.00 99.00 115.00 NOTE
r-devel-windows-x86_64-gcc10-UCRT 0.2.0 NOTE
r-patched-linux-x86_64 0.2.0 9.11 73.01 82.12 NOTE
r-patched-solaris-x86 0.2.0 154.00 NOTE
r-release-linux-x86_64 0.2.0 9.45 74.11 83.56 NOTE
r-release-macos-arm64 0.2.0 NOTE
r-release-macos-x86_64 0.2.0 NOTE
r-release-windows-ix86+x86_64 0.2.0 23.00 98.00 121.00 NOTE
r-oldrel-macos-x86_64 0.2.0 OK
r-oldrel-windows-ix86+x86_64 0.2.0 17.00 103.00 120.00 OK

Additional issues

donttest

Check Details

Version: 0.2.0
Check: LazyData
Result: NOTE
     'LazyData' is specified without a 'data' directory
Flavors: r-devel-linux-x86_64-debian-clang, r-devel-linux-x86_64-debian-gcc, r-devel-linux-x86_64-fedora-clang, r-devel-linux-x86_64-fedora-gcc, r-devel-windows-x86_64, r-devel-windows-x86_64-gcc10-UCRT, r-patched-linux-x86_64, r-patched-solaris-x86, r-release-linux-x86_64, r-release-macos-arm64, r-release-macos-x86_64, r-release-windows-ix86+x86_64