CRAN Package Check Results for Package clickR

Last updated on 2021-05-08 07:48:03 CEST.

Flavor Version Tinstall Tcheck Ttotal Status Flags
r-devel-linux-x86_64-debian-clang 0.7.35 4.49 35.17 39.66 OK
r-devel-linux-x86_64-debian-gcc 0.7.35 3.07 27.40 30.47 OK
r-devel-linux-x86_64-fedora-clang 0.7.35 58.60 OK
r-devel-linux-x86_64-fedora-gcc 0.7.35 47.71 OK
r-devel-windows-ix86+x86_64 0.7.35 8.00 56.00 64.00 OK
r-devel-windows-x86_64-gcc10-UCRT 0.7.35 OK
r-patched-linux-x86_64 0.7.35 5.05 34.38 39.43 OK
r-patched-solaris-x86 0.7.35 61.50 OK
r-release-linux-x86_64 0.7.35 4.27 33.92 38.19 OK
r-release-macos-x86_64 0.7.35 OK
r-release-windows-ix86+x86_64 0.7.35 7.00 37.00 44.00 OK
r-oldrel-macos-x86_64 0.7.35 ERROR
r-oldrel-windows-ix86+x86_64 0.7.35 7.00 45.00 52.00 ERROR

Check Details

Version: 0.7.35
Check: examples
Result: ERROR
    Running examples in ‘clickR-Ex.R’ failed
    The error most likely occurred in:
    
    > ### Name: fix_dates
    > ### Title: Fix dates
    > ### Aliases: fix_dates
    >
    > ### ** Examples
    >
    > mydata<-data.frame(Dates1=c("25/06/1983", "25-08/2014", "2001/11/01", "2008-10-01"),
    + Dates2=c("01/01/85", "04/04/1982", "07/12-2016", "September 24, 2020"),
    + Numeric1=rnorm(4))
    > fix_dates(mydata)
    Error in gsub(names(month_t[month_t])[sum(month_t)], translate$english[month_t][sum(month_t)], :
     invalid 'pattern' argument
    Calls: fix_dates ... lapply -> FUN -> fxd -> do.call -> lapply -> FUN -> gsub
    Execution halted
Flavors: r-oldrel-macos-x86_64, r-oldrel-windows-ix86+x86_64