CRAN Package Check Results for Package classifierplots

Last updated on 2021-08-02 07:51:40 CEST.

Flavor Version Tinstall Tcheck Ttotal Status Flags
r-devel-linux-x86_64-debian-clang 1.4.0 14.97 119.56 134.53 OK
r-devel-linux-x86_64-debian-gcc 1.4.0 11.99 89.06 101.05 OK
r-devel-linux-x86_64-fedora-clang 1.4.0 166.45 NOTE
r-devel-linux-x86_64-fedora-gcc 1.4.0 151.95 NOTE
r-devel-windows-x86_64 1.4.0 25.00 138.00 163.00 OK
r-devel-windows-x86_64-gcc10-UCRT 1.4.0 NOTE
r-patched-linux-x86_64 1.4.0 OK
r-patched-solaris-x86 1.4.0 221.00 NOTE
r-release-linux-x86_64 1.4.0 11.89 110.02 121.91 OK
r-release-macos-arm64 1.4.0 NOTE
r-release-macos-x86_64 1.4.0 NOTE
r-release-windows-ix86+x86_64 1.4.0 32.00 103.00 135.00 OK
r-oldrel-macos-x86_64 1.4.0 NOTE
r-oldrel-windows-ix86+x86_64 1.4.0 24.00 139.00 163.00 OK

Check Details

Version: 1.4.0
Check: dependencies in R code
Result: NOTE
    Namespace in Imports field not imported from: ‘Rcpp’
     All declared Imports should be used.
Flavors: r-devel-linux-x86_64-fedora-clang, r-devel-linux-x86_64-fedora-gcc, r-devel-windows-x86_64-gcc10-UCRT, r-patched-solaris-x86, r-release-macos-arm64, r-release-macos-x86_64, r-oldrel-macos-x86_64