CRAN Package Check Results for Package cjoint

Last updated on 2021-10-21 07:49:50 CEST.

Flavor Version Tinstall Tcheck Ttotal Status Flags
r-devel-linux-x86_64-debian-clang 2.1.0 17.67 142.42 160.09 OK
r-devel-linux-x86_64-debian-gcc 2.1.0 12.15 108.48 120.63 OK
r-devel-linux-x86_64-fedora-clang 2.1.0 206.81 NOTE
r-devel-linux-x86_64-fedora-gcc 2.1.0 190.33 NOTE
r-devel-windows-x86_64 2.1.0 23.00 180.00 203.00 OK
r-devel-windows-x86_64-gcc10-UCRT 2.1.0 NOTE
r-patched-linux-x86_64 2.1.0 14.32 137.09 151.41 OK
r-patched-solaris-x86 2.1.0 313.70 NOTE
r-release-linux-x86_64 2.1.0 10.79 135.98 146.77 OK
r-release-macos-arm64 2.1.0 NOTE
r-release-macos-x86_64 2.1.0 NOTE
r-release-windows-ix86+x86_64 2.1.0 34.00 177.00 211.00 OK
r-oldrel-macos-x86_64 2.1.0 NOTE
r-oldrel-windows-ix86+x86_64 2.1.0 34.00 178.00 212.00 OK

Check Details

Version: 2.1.0
Check: dependencies in R code
Result: NOTE
    Namespace in Imports field not imported from: ‘shinyBS’
     All declared Imports should be used.
Flavors: r-devel-linux-x86_64-fedora-clang, r-devel-linux-x86_64-fedora-gcc, r-devel-windows-x86_64-gcc10-UCRT, r-patched-solaris-x86, r-release-macos-arm64, r-release-macos-x86_64, r-oldrel-macos-x86_64

Version: 2.1.0
Check: data for non-ASCII characters
Result: NOTE
     Note: found 29 marked UTF-8 strings
Flavors: r-devel-linux-x86_64-fedora-clang, r-devel-linux-x86_64-fedora-gcc, r-devel-windows-x86_64-gcc10-UCRT, r-patched-solaris-x86, r-release-macos-arm64, r-release-macos-x86_64, r-oldrel-macos-x86_64