CRAN Package Check Results for Package circumplex

Last updated on 2021-06-22 07:49:22 CEST.

Flavor Version Tinstall Tcheck Ttotal Status Flags
r-devel-linux-x86_64-debian-clang 0.3.8 47.75 142.33 190.08 OK
r-devel-linux-x86_64-debian-gcc 0.3.8 30.48 102.19 132.67 OK
r-devel-linux-x86_64-fedora-clang 0.3.8 239.37 OK
r-devel-linux-x86_64-fedora-gcc 0.3.8 224.02 OK
r-devel-windows-x86_64 0.3.8 58.00 172.00 230.00 OK
r-devel-windows-x86_64-gcc10-UCRT 0.3.8 WARN
r-patched-linux-x86_64 0.3.8 37.14 131.39 168.53 OK
r-patched-solaris-x86 0.3.8 285.10 OK
r-release-linux-x86_64 0.3.8 31.45 129.81 161.26 OK
r-release-macos-arm64 0.3.8 OK
r-release-macos-x86_64 0.3.8 OK
r-release-windows-ix86+x86_64 0.3.8 108.00 238.00 346.00 OK
r-oldrel-macos-x86_64 0.3.8 OK

Check Details

Version: 0.3.8
Check: package dependencies
Result: NOTE
    Packages suggested but not available for checking: 'covr', 'kableExtra'
Flavor: r-devel-windows-x86_64-gcc10-UCRT

Version: 0.3.8
Check: re-building of vignette outputs
Result: WARN
    Error(s) in re-building vignettes:
     ...
    --- re-building 'intermediate-ssm-analysis.Rmd' using rmarkdown
    Quitting from lines 11-17 (intermediate-ssm-analysis.Rmd)
    Error: processing vignette 'intermediate-ssm-analysis.Rmd' failed with diagnostics:
    there is no package called 'kableExtra'
    --- failed re-building 'intermediate-ssm-analysis.Rmd'
    
    --- re-building 'introduction-to-ssm-analysis.Rmd' using rmarkdown
    Quitting from lines 11-19 (introduction-to-ssm-analysis.Rmd)
    Error: processing vignette 'introduction-to-ssm-analysis.Rmd' failed with diagnostics:
    there is no package called 'kableExtra'
    --- failed re-building 'introduction-to-ssm-analysis.Rmd'
    
    --- re-building 'using-instruments.Rmd' using rmarkdown
    --- finished re-building 'using-instruments.Rmd'
    
    SUMMARY: processing the following files failed:
     'intermediate-ssm-analysis.Rmd' 'introduction-to-ssm-analysis.Rmd'
    
    Error: Vignette re-building failed.
    Execution halted
Flavor: r-devel-windows-x86_64-gcc10-UCRT