CRAN Package Check Results for Package circularEV

Last updated on 2021-05-08 07:48:02 CEST.

Flavor Version Tinstall Tcheck Ttotal Status Flags
r-devel-linux-x86_64-debian-clang 0.1.0 10.59 179.02 189.61 OK
r-devel-linux-x86_64-debian-gcc 0.1.0 8.04 129.50 137.54 OK
r-devel-linux-x86_64-fedora-clang 0.1.0 236.96 NOTE
r-devel-linux-x86_64-fedora-gcc 0.1.0 224.63 OK
r-devel-windows-ix86+x86_64 0.1.0 27.00 318.00 345.00 NOTE
r-devel-windows-x86_64-gcc10-UCRT 0.1.0 OK
r-patched-linux-x86_64 0.1.0 10.32 167.97 178.29 OK
r-patched-solaris-x86 0.1.0 205.50 WARN
r-release-linux-x86_64 0.1.0 9.72 164.43 174.15 OK
r-release-macos-x86_64 0.1.0 WARN
r-release-windows-ix86+x86_64 0.1.0 21.00 230.00 251.00 NOTE
r-oldrel-macos-x86_64 0.1.0 WARN
r-oldrel-windows-ix86+x86_64 0.1.0 22.00 296.00 318.00 NOTE

Additional issues

M1mac

Check Details

Version: 0.1.0
Check: installed package size
Result: NOTE
     installed size is 7.5Mb
     sub-directories of 1Mb or more:
     doc 7.2Mb
Flavors: r-devel-linux-x86_64-fedora-clang, r-devel-windows-ix86+x86_64, r-patched-solaris-x86, r-release-macos-x86_64, r-release-windows-ix86+x86_64, r-oldrel-macos-x86_64, r-oldrel-windows-ix86+x86_64

Version: 0.1.0
Check: re-building of vignette outputs
Result: WARN
    Error(s) in re-building vignettes:
     ...
    --- re-building ‘localMethods.Rmd’ using rmarkdown
    Warning in engine$weave(file, quiet = quiet, encoding = enc) :
     Pandoc (>= 1.12.3) not available. Falling back to R Markdown v1.
    Warning in eng_r(options) :
     Failed to tidy R code in chunk 'setup'. Reason:
    Error : The formatR package is required by the chunk option tidy = TRUE but not installed; tidy = TRUE will be ignored.
    
    Loading required package: plotly
    Loading required package: ggplot2
    
    Attaching package: 'plotly'
    
    The following object is masked from 'package:ggplot2':
    
     last_plot
    
    The following object is masked from 'package:stats':
    
     filter
    
    The following object is masked from 'package:graphics':
    
     layout
    
    Warning in eng_r(options) :
     Failed to tidy R code in chunk 'unnamed-chunk-2'. Reason:
    Error : The formatR package is required by the chunk option tidy = TRUE but not installed; tidy = TRUE will be ignored.
    
    Warning in eng_r(options) :
     Failed to tidy R code in chunk 'unnamed-chunk-3'. Reason:
    Error : The formatR package is required by the chunk option tidy = TRUE but not installed; tidy = TRUE will be ignored.
    
    PhantomJS not found. You can install it with webshot::install_phantomjs(). If it is installed, please make sure the phantomjs executable can be found via the PATH variable.
    PhantomJS not found. You can install it with webshot::install_phantomjs(). If it is installed, please make sure the phantomjs executable can be found via the PATH variable.
    Quitting from lines 43-46 (localMethods.Rmd)
    Error: processing vignette 'localMethods.Rmd' failed with diagnostics:
    invalid 'path' argument
    --- failed re-building ‘localMethods.Rmd’
    
    --- re-building ‘splineML.Rmd’ using rmarkdown
    Warning in engine$weave(file, quiet = quiet, encoding = enc) :
     Pandoc (>= 1.12.3) not available. Falling back to R Markdown v1.
    Warning in eng_r(options) :
     Failed to tidy R code in chunk 'setup'. Reason:
    Error : The formatR package is required by the chunk option tidy = TRUE but not installed; tidy = TRUE will be ignored.
    
    Loading required package: plotly
    Loading required package: ggplot2
    
    Attaching package: 'plotly'
    
    The following object is masked from 'package:ggplot2':
    
     last_plot
    
    The following object is masked from 'package:stats':
    
     filter
    
    The following object is masked from 'package:graphics':
    
     layout
    
    Warning in eng_r(options) :
     Failed to tidy R code in chunk 'unnamed-chunk-2'. Reason:
    Error : The formatR package is required by the chunk option tidy = TRUE but not installed; tidy = TRUE will be ignored.
    
    Warning in eng_r(options) :
     Failed to tidy R code in chunk 'unnamed-chunk-3'. Reason:
    Error : The formatR package is required by the chunk option tidy = TRUE but not installed; tidy = TRUE will be ignored.
    
    PhantomJS not found. You can install it with webshot::install_phantomjs(). If it is installed, please make sure the phantomjs executable can be found via the PATH variable.
    PhantomJS not found. You can install it with webshot::install_phantomjs(). If it is installed, please make sure the phantomjs executable can be found via the PATH variable.
    Quitting from lines 43-46 (splineML.Rmd)
    Error: processing vignette 'splineML.Rmd' failed with diagnostics:
    invalid 'path' argument
    --- failed re-building ‘splineML.Rmd’
    
    SUMMARY: processing the following files failed:
     ‘localMethods.Rmd’ ‘splineML.Rmd’
    
    Error: Vignette re-building failed.
    Execution halted
Flavor: r-patched-solaris-x86

Version: 0.1.0
Check: re-building of vignette outputs
Result: WARN
    Error(s) in re-building vignettes:
    --- re-building ‘localMethods.Rmd’ using rmarkdown
    Warning in engine$weave(file, quiet = quiet, encoding = enc) :
     Pandoc (>= 1.12.3) and/or pandoc-citeproc not available. Falling back to R Markdown v1.
    Loading required package: plotly
    Loading required package: ggplot2
    
    Attaching package: 'plotly'
    
    The following object is masked from 'package:ggplot2':
    
     last_plot
    
    The following object is masked from 'package:stats':
    
     filter
    
    The following object is masked from 'package:graphics':
    
     layout
    
    PhantomJS not found. You can install it with webshot::install_phantomjs(). If it is installed, please make sure the phantomjs executable can be found via the PATH variable.
    Warning in normalizePath(f2) :
     path[1]="webshot4af26a216ff2.png": No such file or directory
    Warning in file(con, "rb") :
     cannot open file 'webshot4af26a216ff2.png': No such file or directory
    Quitting from lines 43-46 (localMethods.Rmd)
    Error: processing vignette 'localMethods.Rmd' failed with diagnostics:
    cannot open the connection
    --- failed re-building ‘localMethods.Rmd’
    
    --- re-building ‘splineML.Rmd’ using rmarkdown
    Warning in engine$weave(file, quiet = quiet, encoding = enc) :
     Pandoc (>= 1.12.3) and/or pandoc-citeproc not available. Falling back to R Markdown v1.
    Loading required package: plotly
    Loading required package: ggplot2
    
    Attaching package: 'plotly'
    
    The following object is masked from 'package:ggplot2':
    
     last_plot
    
    The following object is masked from 'package:stats':
    
     filter
    
    The following object is masked from 'package:graphics':
    
     layout
    
    PhantomJS not found. You can install it with webshot::install_phantomjs(). If it is installed, please make sure the phantomjs executable can be found via the PATH variable.
    Warning in normalizePath(f2) :
     path[1]="webshot4b4d2ff3aba7.png": No such file or directory
    Warning in file(con, "rb") :
     cannot open file 'webshot4b4d2ff3aba7.png': No such file or directory
    Quitting from lines 43-46 (splineML.Rmd)
    Error: processing vignette 'splineML.Rmd' failed with diagnostics:
    cannot open the connection
    --- failed re-building ‘splineML.Rmd’
    
    SUMMARY: processing the following files failed:
     ‘localMethods.Rmd’ ‘splineML.Rmd’
    
    Error: Vignette re-building failed.
    Execution halted
Flavor: r-release-macos-x86_64

Version: 0.1.0
Check: whether package can be installed
Result: WARN
    Found the following significant warnings:
     Warning: 'rgl.init' failed, running with 'rgl.useNULL = TRUE'.
Flavor: r-oldrel-macos-x86_64

Version: 0.1.0
Check: re-building of vignette outputs
Result: WARN
    Error(s) in re-building vignettes:
    --- re-building ‘localMethods.Rmd’ using rmarkdown
    Warning in engine$weave(file, quiet = quiet, encoding = enc) :
     Pandoc (>= 1.12.3) and/or pandoc-citeproc not available. Falling back to R Markdown v1.
    Warning: 'rgl.init' failed, running with 'rgl.useNULL = TRUE'.
    Loading required package: plotly
    Loading required package: ggplot2
    
    Attaching package: 'plotly'
    
    The following object is masked from 'package:ggplot2':
    
     last_plot
    
    The following object is masked from 'package:stats':
    
     filter
    
    The following object is masked from 'package:graphics':
    
     layout
    
    PhantomJS not found. You can install it with webshot::install_phantomjs(). If it is installed, please make sure the phantomjs executable can be found via the PATH variable.
    Warning in normalizePath(f2) :
     path[1]="webshot15d615ae29b81.png": No such file or directory
    Warning in file(con, "rb") :
     cannot open file 'webshot15d615ae29b81.png': No such file or directory
    Quitting from lines 43-46 (localMethods.Rmd)
    Error: processing vignette 'localMethods.Rmd' failed with diagnostics:
    cannot open the connection
    --- failed re-building ‘localMethods.Rmd’
    
    --- re-building ‘splineML.Rmd’ using rmarkdown
    Warning in engine$weave(file, quiet = quiet, encoding = enc) :
     Pandoc (>= 1.12.3) and/or pandoc-citeproc not available. Falling back to R Markdown v1.
    Warning: 'rgl.init' failed, running with 'rgl.useNULL = TRUE'.
    Loading required package: plotly
    Loading required package: ggplot2
    
    Attaching package: 'plotly'
    
    The following object is masked from 'package:ggplot2':
    
     last_plot
    
    The following object is masked from 'package:stats':
    
     filter
    
    The following object is masked from 'package:graphics':
    
     layout
    
    PhantomJS not found. You can install it with webshot::install_phantomjs(). If it is installed, please make sure the phantomjs executable can be found via the PATH variable.
    Warning in normalizePath(f2) :
     path[1]="webshot15d7054e363b4.png": No such file or directory
    Warning in file(con, "rb") :
     cannot open file 'webshot15d7054e363b4.png': No such file or directory
    Quitting from lines 43-46 (splineML.Rmd)
    Error: processing vignette 'splineML.Rmd' failed with diagnostics:
    cannot open the connection
    --- failed re-building ‘splineML.Rmd’
    
    SUMMARY: processing the following files failed:
     ‘localMethods.Rmd’ ‘splineML.Rmd’
    
    Error: Vignette re-building failed.
    Execution halted
Flavor: r-oldrel-macos-x86_64