CRAN Package Check Results for Package chemometrics

Last updated on 2021-06-25 08:49:55 CEST.

Flavor Version Tinstall Tcheck Ttotal Status Flags
r-devel-linux-x86_64-debian-clang 1.4.2 8.83 151.27 160.10 NOTE
r-devel-linux-x86_64-debian-gcc 1.4.2 6.10 111.41 117.51 NOTE
r-devel-linux-x86_64-fedora-clang 1.4.2 192.71 NOTE
r-devel-linux-x86_64-fedora-gcc 1.4.2 185.32 NOTE
r-devel-windows-x86_64 1.4.2 11.00 125.00 136.00 OK
r-devel-windows-x86_64-gcc10-UCRT 1.4.2 OK
r-patched-linux-x86_64 1.4.2 8.59 145.00 153.59 NOTE
r-patched-solaris-x86 1.4.2 262.60 NOTE
r-release-linux-x86_64 1.4.2 6.52 145.96 152.48 NOTE
r-release-macos-arm64 1.4.2 OK
r-release-macos-x86_64 1.4.2 OK
r-release-windows-ix86+x86_64 1.4.2 12.00 177.00 189.00 OK
r-oldrel-macos-x86_64 1.4.2 OK
r-oldrel-windows-ix86+x86_64 1.4.2 12.00 148.00 160.00 OK

Check Details

Version: 1.4.2
Check: for non-standard things in the check directory
Result: NOTE
    Found the following files/directories:
     'stepres00.txt'
Flavors: r-devel-linux-x86_64-debian-clang, r-devel-linux-x86_64-debian-gcc, r-devel-linux-x86_64-fedora-clang, r-devel-linux-x86_64-fedora-gcc, r-patched-linux-x86_64, r-patched-solaris-x86, r-release-linux-x86_64