CRAN Package Check Results for Package charlatan

Last updated on 2021-07-25 07:49:56 CEST.

Flavor Version Tinstall Tcheck Ttotal Status Flags
r-devel-linux-x86_64-debian-clang 0.4.0 29.39 97.50 126.89 OK
r-devel-linux-x86_64-debian-gcc 0.4.0 17.52 73.37 90.89 OK
r-devel-linux-x86_64-fedora-clang 0.4.0 152.97 OK
r-devel-linux-x86_64-fedora-gcc 0.4.0 137.26 OK
r-devel-windows-x86_64 0.4.0 27.00 95.00 122.00 OK
r-devel-windows-x86_64-gcc10-UCRT 0.4.0 OK
r-patched-linux-x86_64 0.4.0 24.66 90.36 115.02 OK
r-patched-solaris-x86 0.4.0 181.70 NOTE
r-release-linux-x86_64 0.4.0 22.61 91.57 114.18 OK
r-release-macos-arm64 0.4.0 OK
r-release-macos-x86_64 0.4.0 OK
r-release-windows-ix86+x86_64 0.4.0 41.00 90.00 131.00 OK
r-oldrel-macos-x86_64 0.4.0 OK
r-oldrel-windows-ix86+x86_64 0.4.0 39.00 120.00 159.00 OK

Check Details

Version: 0.4.0
Check: package dependencies
Result: NOTE
    Package suggested but not available for checking: ‘iptools’
Flavor: r-patched-solaris-x86