CRAN Package Check Results for Package cgwtools

Last updated on 2021-09-28 07:48:22 CEST.

Flavor Version Tinstall Tcheck Ttotal Status Flags
r-devel-linux-x86_64-debian-clang 3.3 3.30 29.58 32.88 OK
r-devel-linux-x86_64-debian-gcc 3.3 2.50 23.61 26.11 OK
r-devel-linux-x86_64-fedora-clang 3.3 48.37 NOTE
r-devel-linux-x86_64-fedora-gcc 3.3 39.43 OK
r-devel-windows-x86_64 3.3 5.00 38.00 43.00 OK
r-devel-windows-x86_64-gcc10-UCRT 3.3 OK
r-patched-linux-x86_64 3.3 3.64 29.03 32.67 OK
r-patched-solaris-x86 3.3 59.20 OK
r-release-linux-x86_64 3.3 2.85 28.85 31.70 OK
r-release-macos-arm64 3.3 OK
r-release-macos-x86_64 3.3 OK
r-release-windows-ix86+x86_64 3.3 7.00 39.00 46.00 OK
r-oldrel-macos-x86_64 3.3 OK
r-oldrel-windows-ix86+x86_64 3.3 7.00 40.00 47.00 OK

Check Details

Version: 3.3
Check: Rd cross-references
Result: NOTE
    Undeclared packages ‘dplyr’, ‘matrixStats’, ‘filesstrings’, ‘pracma’, ‘sf’, ‘rgeos’ in Rd xrefs
Flavor: r-devel-linux-x86_64-fedora-clang