CRAN Package Check Results for Package cder

Last updated on 2022-01-25 07:50:01 CET.

Flavor Version Tinstall Tcheck Ttotal Status Flags
r-devel-linux-x86_64-debian-clang 0.2-2 6.00 63.19 69.19 NOTE
r-devel-linux-x86_64-debian-gcc 0.2-2 5.30 52.53 57.83 NOTE
r-devel-linux-x86_64-fedora-clang 0.2-2 85.71 NOTE
r-devel-linux-x86_64-fedora-gcc 0.2-2 75.17 NOTE
r-devel-windows-x86_64-new-UL 0.2-2 23.00 85.00 108.00 NOTE
r-devel-windows-x86_64-new-TK 0.2-2 NOTE
r-patched-linux-x86_64 0.2-2 6.34 58.15 64.49 NOTE
r-release-linux-x86_64 0.2-2 5.12 58.74 63.86 NOTE
r-release-macos-arm64 0.2-2 NOTE
r-release-macos-x86_64 0.2-2 NOTE
r-release-windows-ix86+x86_64 0.2-2 14.00 78.00 92.00 NOTE
r-oldrel-macos-x86_64 0.2-2 OK
r-oldrel-windows-ix86+x86_64 0.2-2 18.00 72.00 90.00 OK

Check Details

Version: 0.2-2
Check: LazyData
Result: NOTE
     'LazyData' is specified without a 'data' directory
Flavors: r-devel-linux-x86_64-debian-clang, r-devel-linux-x86_64-debian-gcc, r-devel-linux-x86_64-fedora-clang, r-devel-linux-x86_64-fedora-gcc, r-devel-windows-x86_64-new-UL, r-devel-windows-x86_64-new-TK, r-patched-linux-x86_64, r-release-linux-x86_64, r-release-macos-arm64, r-release-macos-x86_64, r-release-windows-ix86+x86_64