CRAN Package Check Results for Package cattonum

Last updated on 2021-10-24 07:57:14 CEST.

Flavor Version Tinstall Tcheck Ttotal Status Flags
r-devel-linux-x86_64-debian-clang 0.0.5 18.31 209.10 227.41 NOTE
r-devel-linux-x86_64-debian-gcc 0.0.5 13.03 165.27 178.30 NOTE
r-devel-linux-x86_64-fedora-clang 0.0.5 313.17 NOTE
r-devel-linux-x86_64-fedora-gcc 0.0.5 264.34 NOTE
r-devel-windows-x86_64 0.0.5 27.00 181.00 208.00 NOTE
r-devel-windows-x86_64-gcc10-UCRT 0.0.5 NOTE
r-patched-linux-x86_64 0.0.5 17.60 199.59 217.19 NOTE
r-patched-solaris-x86 0.0.5 855.10 NOTE
r-release-linux-x86_64 0.0.5 13.83 196.66 210.49 NOTE
r-release-macos-arm64 0.0.5 NOTE
r-release-macos-x86_64 0.0.5 NOTE
r-release-windows-ix86+x86_64 0.0.5 39.00 286.00 325.00 NOTE
r-oldrel-macos-x86_64 0.0.5 OK
r-oldrel-windows-ix86+x86_64 0.0.5 49.00 284.00 333.00 OK

Check Details

Version: 0.0.5
Check: LazyData
Result: NOTE
     'LazyData' is specified without a 'data' directory
Flavors: r-devel-linux-x86_64-debian-clang, r-devel-linux-x86_64-debian-gcc, r-devel-linux-x86_64-fedora-clang, r-devel-linux-x86_64-fedora-gcc, r-devel-windows-x86_64, r-devel-windows-x86_64-gcc10-UCRT, r-patched-linux-x86_64, r-patched-solaris-x86, r-release-linux-x86_64, r-release-macos-arm64, r-release-macos-x86_64, r-release-windows-ix86+x86_64