CRAN Package Check Results for Package carData

Last updated on 2021-07-28 07:49:13 CEST.

Flavor Version Tinstall Tcheck Ttotal Status Flags
r-devel-linux-x86_64-debian-clang 3.0-4 OK
r-devel-linux-x86_64-debian-gcc 3.0-4 3.04 17.38 20.42 OK
r-devel-linux-x86_64-fedora-clang 3.0-4 40.03 NOTE
r-devel-linux-x86_64-fedora-gcc 3.0-4 30.57 OK
r-devel-windows-x86_64 3.0-4 6.00 35.00 41.00 OK
r-devel-windows-x86_64-gcc10-UCRT 3.0-4 OK
r-patched-linux-x86_64 3.0-4 4.55 20.63 25.18 OK
r-patched-solaris-x86 3.0-4 43.00 OK
r-release-linux-x86_64 3.0-4 3.72 21.13 24.85 OK
r-release-macos-arm64 3.0-4 OK
r-release-macos-x86_64 3.0-4 OK
r-release-windows-ix86+x86_64 3.0-4 8.00 26.00 34.00 OK
r-oldrel-macos-x86_64 3.0-4 OK
r-oldrel-windows-ix86+x86_64 3.0-4 7.00 27.00 34.00 OK

Check Details

Version: 3.0-4
Check: Rd cross-references
Result: NOTE
    Undeclared package ‘car’ in Rd xrefs
Flavor: r-devel-linux-x86_64-fedora-clang