CRAN Package Check Results for Package carData

Last updated on 2021-05-10 07:48:07 CEST.

Flavor Version Tinstall Tcheck Ttotal Status Flags
r-devel-linux-x86_64-debian-clang 3.0-4 3.40 20.63 24.03 OK
r-devel-linux-x86_64-debian-gcc 3.0-4 2.62 16.66 19.28 OK
r-devel-linux-x86_64-fedora-clang 3.0-4 40.18 NOTE
r-devel-linux-x86_64-fedora-gcc 3.0-4 29.47 OK
r-devel-windows-ix86+x86_64 3.0-4 7.00 35.00 42.00 OK
r-devel-windows-x86_64-gcc10-UCRT 3.0-4 OK
r-patched-linux-x86_64 3.0-4 5.03 20.54 25.57 OK
r-patched-solaris-x86 3.0-4 43.10 OK
r-release-linux-x86_64 3.0-4 3.42 21.05 24.47 OK
r-release-macos-x86_64 3.0-4 OK
r-release-windows-ix86+x86_64 3.0-4 7.00 27.00 34.00 OK
r-oldrel-macos-x86_64 3.0-4 OK
r-oldrel-windows-ix86+x86_64 3.0-4 9.00 40.00 49.00 OK

Check Details

Version: 3.0-4
Check: Rd cross-references
Result: NOTE
    Undeclared package ‘car’ in Rd xrefs
Flavor: r-devel-linux-x86_64-fedora-clang