CRAN Package Check Results for Package canvasXpress

Last updated on 2021-06-24 07:50:05 CEST.

Flavor Version Tinstall Tcheck Ttotal Status Flags
r-devel-linux-x86_64-debian-clang 1.32.9 3.64 36.54 40.18 OK
r-devel-linux-x86_64-debian-gcc 1.32.9 2.76 28.30 31.06 OK
r-devel-linux-x86_64-fedora-clang 1.32.9 55.90 OK
r-devel-linux-x86_64-fedora-gcc 1.32.9 46.78 OK
r-devel-windows-x86_64 1.32.9 5.00 54.00 59.00 OK
r-devel-windows-x86_64-gcc10-UCRT 1.32.9 ERROR
r-patched-linux-x86_64 1.32.9 3.02 35.53 38.55 OK
r-patched-solaris-x86 1.32.9 66.80 NOTE
r-release-linux-x86_64 1.32.9 3.22 35.64 38.86 OK
r-release-macos-arm64 1.32.9 OK
r-release-macos-x86_64 1.32.9 OK
r-release-windows-ix86+x86_64 1.32.9 6.00 43.00 49.00 OK
r-oldrel-macos-x86_64 1.32.9 OK

Check Details

Version: 1.32.9
Check: package dependencies
Result: ERROR
    Package required but not available: 'httr'
    
    Package suggested but not available for checking: 'covr'
    
    See section 'The DESCRIPTION file' in the 'Writing R Extensions'
    manual.
Flavor: r-devel-windows-x86_64-gcc10-UCRT

Version: 1.32.9
Check: installed package size
Result: NOTE
     installed size is 5.3Mb
     sub-directories of 1Mb or more:
     doc 1.0Mb
     htmlwidgets 3.5Mb
Flavor: r-patched-solaris-x86