CRAN Package Check Results for Package cancensus

Last updated on 2021-06-23 07:50:12 CEST.

Flavor Version Tinstall Tcheck Ttotal Status Flags
r-devel-linux-x86_64-debian-clang 0.4.3 5.04 68.60 73.64 OK
r-devel-linux-x86_64-debian-gcc 0.4.3 4.44 51.29 55.73 OK
r-devel-linux-x86_64-fedora-clang 0.4.3 96.68 NOTE
r-devel-linux-x86_64-fedora-gcc 0.4.3 85.70 NOTE
r-devel-windows-x86_64 0.4.3 10.00 96.00 106.00 OK
r-devel-windows-x86_64-gcc10-UCRT 0.4.3 ERROR
r-patched-linux-x86_64 0.4.3 5.32 64.87 70.19 OK
r-patched-solaris-x86 0.4.3 122.20 NOTE
r-release-linux-x86_64 0.4.3 5.51 64.07 69.58 OK
r-release-macos-arm64 0.4.3 NOTE
r-release-macos-x86_64 0.4.3 NOTE
r-release-windows-ix86+x86_64 0.4.3 9.00 79.00 88.00 OK
r-oldrel-macos-x86_64 0.4.3 NOTE

Check Details

Version: 0.4.3
Check: data for non-ASCII characters
Result: NOTE
     Note: found 23 marked UTF-8 strings
Flavors: r-devel-linux-x86_64-fedora-clang, r-devel-linux-x86_64-fedora-gcc, r-patched-solaris-x86, r-release-macos-arm64, r-release-macos-x86_64, r-oldrel-macos-x86_64

Version: 0.4.3
Check: package dependencies
Result: ERROR
    Package required but not available: 'httr'
    
    See section 'The DESCRIPTION file' in the 'Writing R Extensions'
    manual.
Flavor: r-devel-windows-x86_64-gcc10-UCRT