CRAN Package Check Results for Package cabinets

Last updated on 2021-10-18 07:49:36 CEST.

Flavor Version Tinstall Tcheck Ttotal Status Flags
r-devel-linux-x86_64-debian-clang 0.6.0 2.60 24.34 26.94 NOTE
r-devel-linux-x86_64-debian-gcc 0.6.0 2.21 19.53 21.74 NOTE
r-devel-linux-x86_64-fedora-clang 0.6.0 43.75 NOTE
r-devel-linux-x86_64-fedora-gcc 0.6.0 33.02 NOTE
r-devel-windows-x86_64 0.6.0 6.00 41.00 47.00 NOTE
r-devel-windows-x86_64-gcc10-UCRT 0.6.0 NOTE
r-patched-linux-x86_64 0.6.0 3.53 23.61 27.14 NOTE
r-patched-solaris-x86 0.6.0 53.00 NOTE
r-release-linux-x86_64 0.6.0 3.29 23.78 27.07 NOTE
r-release-macos-arm64 0.6.0 NOTE
r-release-macos-x86_64 0.6.0 NOTE
r-release-windows-ix86+x86_64 0.6.0 5.00 42.00 47.00 NOTE
r-oldrel-macos-x86_64 0.6.0 OK
r-oldrel-windows-ix86+x86_64 0.6.0 7.00 39.00 46.00 OK

Check Details

Version: 0.6.0
Check: LazyData
Result: NOTE
     'LazyData' is specified without a 'data' directory
Flavors: r-devel-linux-x86_64-debian-clang, r-devel-linux-x86_64-debian-gcc, r-devel-linux-x86_64-fedora-clang, r-devel-linux-x86_64-fedora-gcc, r-devel-windows-x86_64, r-devel-windows-x86_64-gcc10-UCRT, r-patched-linux-x86_64, r-patched-solaris-x86, r-release-linux-x86_64, r-release-macos-arm64, r-release-macos-x86_64, r-release-windows-ix86+x86_64