CRAN Package Check Results for Package bupaR

Last updated on 2021-06-14 07:48:32 CEST.

Flavor Version Tinstall Tcheck Ttotal Status Flags
r-devel-linux-x86_64-debian-clang 0.4.4 11.12 90.73 101.85 NOTE
r-devel-linux-x86_64-debian-gcc 0.4.4 7.93 68.99 76.92 NOTE
r-devel-linux-x86_64-fedora-clang 0.4.4 127.36 NOTE
r-devel-linux-x86_64-fedora-gcc 0.4.4 116.78 NOTE
r-devel-windows-x86_64 0.4.4 19.00 117.00 136.00 NOTE
r-devel-windows-x86_64-gcc10-UCRT 0.4.4 NOTE
r-patched-linux-x86_64 0.4.4 10.44 84.51 94.95 NOTE
r-patched-solaris-x86 0.4.4 162.30 NOTE
r-release-linux-x86_64 0.4.4 7.38 85.55 92.93 NOTE
r-release-macos-arm64 0.4.4 NOTE
r-release-macos-x86_64 0.4.4 NOTE
r-release-windows-ix86+x86_64 0.4.4 28.00 111.00 139.00 NOTE
r-oldrel-macos-x86_64 0.4.4 OK
r-oldrel-windows-ix86+x86_64 0.4.4 29.00 109.00 138.00 OK

Check Details

Version: 0.4.4
Check: LazyData
Result: NOTE
     'LazyData' is specified without a 'data' directory
Flavors: r-devel-linux-x86_64-debian-clang, r-devel-linux-x86_64-debian-gcc, r-devel-linux-x86_64-fedora-clang, r-devel-linux-x86_64-fedora-gcc, r-devel-windows-x86_64, r-devel-windows-x86_64-gcc10-UCRT, r-patched-linux-x86_64, r-patched-solaris-x86, r-release-linux-x86_64, r-release-macos-arm64, r-release-macos-x86_64, r-release-windows-ix86+x86_64