CRAN Package Check Results for Package bssn

Last updated on 2021-10-25 07:50:11 CEST.

Flavor Version Tinstall Tcheck Ttotal Status Flags
r-devel-linux-x86_64-debian-clang 1.0 9.93 63.62 73.55 OK
r-devel-linux-x86_64-debian-gcc 1.0 5.58 46.97 52.55 OK
r-devel-linux-x86_64-fedora-clang 1.0 98.25 NOTE
r-devel-linux-x86_64-fedora-gcc 1.0 84.45 NOTE
r-devel-windows-x86_64 1.0 14.00 63.00 77.00 OK
r-devel-windows-x86_64-gcc10-UCRT 1.0 NOTE
r-patched-linux-x86_64 1.0 7.46 59.03 66.49 OK
r-patched-solaris-x86 1.0 120.20 NOTE
r-release-linux-x86_64 1.0 5.22 59.77 64.99 OK
r-release-macos-arm64 1.0 NOTE
r-release-macos-x86_64 1.0 NOTE
r-release-windows-ix86+x86_64 1.0 15.00 82.00 97.00 OK
r-oldrel-macos-x86_64 1.0 NOTE
r-oldrel-windows-ix86+x86_64 1.0 20.00 82.00 102.00 OK

Check Details

Version: 1.0
Check: dependencies in R code
Result: NOTE
    Namespaces in Imports field not imported from:
     ‘mvtnorm’ ‘ssmn’
     All declared Imports should be used.
Flavors: r-devel-linux-x86_64-fedora-clang, r-devel-linux-x86_64-fedora-gcc, r-devel-windows-x86_64-gcc10-UCRT, r-patched-solaris-x86, r-release-macos-arm64, r-release-macos-x86_64, r-oldrel-macos-x86_64