CRAN Package Check Results for Package bpcs

Last updated on 2021-06-22 07:49:21 CEST.

Flavor Version Tinstall Tcheck Ttotal Status Flags
r-devel-linux-x86_64-debian-clang 1.0.0 240.15 123.30 363.45 NOTE
r-devel-linux-x86_64-debian-gcc 1.0.0 200.26 101.06 301.32 NOTE
r-devel-linux-x86_64-fedora-clang 1.0.0 501.50 NOTE
r-devel-linux-x86_64-fedora-gcc 1.0.0 511.36 NOTE
r-devel-windows-x86_64 1.0.0 269.00 171.00 440.00 NOTE
r-devel-windows-x86_64-gcc10-UCRT 1.0.0 ERROR
r-patched-linux-x86_64 1.0.0 228.67 129.22 357.89 NOTE
r-patched-solaris-x86 1.0.0 496.40 NOTE
r-release-linux-x86_64 1.0.0 197.78 129.28 327.06 NOTE
r-release-macos-arm64 1.0.0 NOTE
r-release-macos-x86_64 1.0.0 NOTE
r-release-windows-ix86+x86_64 1.0.0 523.00 245.00 768.00 NOTE
r-oldrel-macos-x86_64 1.0.0 NOTE

Additional issues

clang-UBSAN

Check Details

Version: 1.0.0
Check: for GNU extensions in Makefiles
Result: NOTE
    GNU make is a SystemRequirements.
Flavors: r-devel-linux-x86_64-debian-clang, r-devel-linux-x86_64-debian-gcc, r-devel-linux-x86_64-fedora-clang, r-devel-linux-x86_64-fedora-gcc, r-devel-windows-x86_64, r-patched-linux-x86_64, r-patched-solaris-x86, r-release-linux-x86_64, r-release-macos-arm64, r-release-macos-x86_64, r-release-windows-ix86+x86_64, r-oldrel-macos-x86_64

Version: 1.0.0
Check: installed package size
Result: NOTE
     installed size is 40.8Mb
     sub-directories of 1Mb or more:
     libs 40.0Mb
Flavors: r-devel-linux-x86_64-fedora-clang, r-release-macos-arm64, r-release-macos-x86_64, r-release-windows-ix86+x86_64, r-oldrel-macos-x86_64

Version: 1.0.0
Check: data for non-ASCII characters
Result: NOTE
     Note: found 1448 marked UTF-8 strings
Flavors: r-devel-linux-x86_64-fedora-clang, r-devel-linux-x86_64-fedora-gcc, r-patched-solaris-x86, r-release-macos-arm64, r-release-macos-x86_64, r-oldrel-macos-x86_64

Version: 1.0.0
Check: package dependencies
Result: ERROR
    Packages required but not available: 'rstan', 'shinystan', 'badger'
    
    Packages suggested but not available for checking: 'covr', 'kableExtra'
    
    See section 'The DESCRIPTION file' in the 'Writing R Extensions'
    manual.
Flavor: r-devel-windows-x86_64-gcc10-UCRT