CRAN Package Check Results for Package borrowr

Last updated on 2021-08-02 07:51:39 CEST.

Flavor Version Tinstall Tcheck Ttotal Status Flags
r-devel-linux-x86_64-debian-clang 0.2.0 113.08 82.30 195.38 OK
r-devel-linux-x86_64-debian-gcc 0.2.0 65.03 62.03 127.06 OK
r-devel-linux-x86_64-fedora-clang 0.2.0 267.43 OK
r-devel-linux-x86_64-fedora-gcc 0.2.0 223.84 OK
r-devel-windows-x86_64 0.2.0 88.00 110.00 198.00 OK
r-devel-windows-x86_64-gcc10-UCRT 0.2.0 OK
r-patched-linux-x86_64 0.2.0 OK
r-patched-solaris-x86 0.2.0 257.30 OK
r-release-linux-x86_64 0.2.0 79.43 78.44 157.87 OK
r-release-macos-arm64 0.2.0 WARN
r-release-macos-x86_64 0.2.0 OK
r-release-windows-ix86+x86_64 0.2.0 241.00 139.00 380.00 OK
r-oldrel-macos-x86_64 0.2.0 OK
r-oldrel-windows-ix86+x86_64 0.2.0 181.00 143.00 324.00 OK

Check Details

Version: 0.2.0
Check: re-building of vignette outputs
Result: WARN
    Error(s) in re-building vignettes:
     ...
    --- re-building ‘borrowr-package.Rmd’ using rmarkdown
    Warning in engine$weave(file, quiet = quiet, encoding = enc) :
     Pandoc (>= 1.12.3) not available. Falling back to R Markdown v1.
    Quitting from lines 36-42 (borrowr-package.Rmd)
    Error: processing vignette 'borrowr-package.Rmd' failed with diagnostics:
    polygon edge not found
    --- failed re-building ‘borrowr-package.Rmd’
    
    SUMMARY: processing the following file failed:
     ‘borrowr-package.Rmd’
    
    Error: Vignette re-building failed.
    Execution halted
Flavor: r-release-macos-arm64