CRAN Package Check Results for Package bootnet

Last updated on 2021-06-14 07:48:31 CEST.

Flavor Version Tinstall Tcheck Ttotal Status Flags
r-devel-linux-x86_64-debian-clang 1.4.3 18.92 157.51 176.43 OK
r-devel-linux-x86_64-debian-gcc 1.4.3 17.92 118.60 136.52 OK
r-devel-linux-x86_64-fedora-clang 1.4.3 225.77 NOTE
r-devel-linux-x86_64-fedora-gcc 1.4.3 209.32 NOTE
r-devel-windows-x86_64 1.4.3 33.00 206.00 239.00 OK
r-devel-windows-x86_64-gcc10-UCRT 1.4.3 NOTE
r-patched-linux-x86_64 1.4.3 16.87 147.88 164.75 OK
r-patched-solaris-x86 1.4.3 303.20 NOTE
r-release-linux-x86_64 1.4.3 15.62 149.72 165.34 OK
r-release-macos-arm64 1.4.3 NOTE
r-release-macos-x86_64 1.4.3 NOTE
r-release-windows-ix86+x86_64 1.4.3 46.00 191.00 237.00 OK
r-oldrel-macos-x86_64 1.4.3 NOTE
r-oldrel-windows-ix86+x86_64 1.4.3 50.00 205.00 255.00 OK

Check Details

Version: 1.4.3
Check: package dependencies
Result: NOTE
    Imports includes 22 non-default packages.
    Importing from so many packages makes the package vulnerable to any of
    them becoming unavailable. Move as many as possible to Suggests and
    use conditionally.
Flavor: r-devel-linux-x86_64-fedora-clang

Version: 1.4.3
Check: dependencies in R code
Result: NOTE
    Namespace in Imports field not imported from: ‘psychTools’
     All declared Imports should be used.
Flavors: r-devel-linux-x86_64-fedora-clang, r-devel-linux-x86_64-fedora-gcc, r-devel-windows-x86_64-gcc10-UCRT, r-patched-solaris-x86, r-release-macos-arm64, r-release-macos-x86_64, r-oldrel-macos-x86_64

Version: 1.4.3
Check: Rd cross-references
Result: NOTE
    Undeclared package ‘psych’ in Rd xrefs
Flavor: r-devel-linux-x86_64-fedora-clang