CRAN Package Check Results for Package blorr

Last updated on 2021-08-03 07:54:15 CEST.

Flavor Version Tinstall Tcheck Ttotal Status Flags
r-devel-linux-x86_64-debian-clang 0.3.0 30.76 158.83 189.59 OK
r-devel-linux-x86_64-debian-gcc 0.3.0 21.35 114.33 135.68 OK
r-devel-linux-x86_64-fedora-clang 0.3.0 232.77 OK
r-devel-linux-x86_64-fedora-gcc 0.3.0 218.11 OK
r-devel-windows-x86_64 0.3.0 61.00 202.00 263.00 OK
r-devel-windows-x86_64-gcc10-UCRT 0.3.0 OK
r-patched-linux-x86_64 0.3.0 25.53 147.64 173.17 OK
r-patched-solaris-x86 0.3.0 341.10 OK
r-release-linux-x86_64 0.3.0 24.55 145.83 170.38 OK
r-release-macos-arm64 0.3.0 WARN
r-release-macos-x86_64 0.3.0 OK
r-release-windows-ix86+x86_64 0.3.0 65.00 277.00 342.00 OK
r-oldrel-macos-x86_64 0.3.0 OK
r-oldrel-windows-ix86+x86_64 0.3.0 66.00 281.00 347.00 OK

Check Details

Version: 0.3.0
Check: re-building of vignette outputs
Result: WARN
    Error(s) in re-building vignettes:
     ...
    --- re-building ‘introduction.Rmd’ using rmarkdown
    Warning in engine$weave(file, quiet = quiet, encoding = enc) :
     Pandoc (>= 1.12.3) not available. Falling back to R Markdown v1.
    Quitting from lines 89-91 (introduction.Rmd)
    Error: processing vignette 'introduction.Rmd' failed with diagnostics:
    polygon edge not found
    --- failed re-building ‘introduction.Rmd’
    
    SUMMARY: processing the following file failed:
     ‘introduction.Rmd’
    
    Error: Vignette re-building failed.
    Execution halted
Flavor: r-release-macos-arm64