CRAN Package Check Results for Package blockmodels

Last updated on 2022-01-24 08:52:37 CET.

Flavor Version Tinstall Tcheck Ttotal Status Flags
r-devel-linux-x86_64-debian-clang 1.1.5 102.21 69.46 171.67 OK
r-devel-linux-x86_64-debian-gcc 1.1.5 65.41 52.02 117.43 OK
r-devel-linux-x86_64-fedora-clang 1.1.5 241.79 NOTE
r-devel-linux-x86_64-fedora-gcc 1.1.5 212.67 OK
r-devel-windows-x86_64-new-UL 1.1.5 156.00 108.00 264.00 OK
r-devel-windows-x86_64-new-TK 1.1.5 OK
r-patched-linux-x86_64 1.1.5 78.68 66.36 145.04 OK
r-release-linux-x86_64 1.1.5 79.87 66.14 146.01 OK
r-release-macos-arm64 1.1.5 NOTE
r-release-macos-x86_64 1.1.5 NOTE
r-release-windows-ix86+x86_64 1.1.5 202.00 127.00 329.00 NOTE
r-oldrel-macos-x86_64 1.1.5 NOTE
r-oldrel-windows-ix86+x86_64 1.1.5 205.00 125.00 330.00 NOTE

Check Details

Version: 1.1.5
Check: installed package size
Result: NOTE
     installed size is 11.8Mb
     sub-directories of 1Mb or more:
     libs 11.3Mb
Flavors: r-devel-linux-x86_64-fedora-clang, r-release-macos-arm64, r-release-macos-x86_64, r-release-windows-ix86+x86_64, r-oldrel-macos-x86_64, r-oldrel-windows-ix86+x86_64