CRAN Package Check Results for Package blavaan

Last updated on 2021-08-03 07:54:15 CEST.

Flavor Version Tinstall Tcheck Ttotal Status Flags
r-devel-linux-x86_64-debian-clang 0.3-17 330.59 205.78 536.37 NOTE
r-devel-linux-x86_64-debian-gcc 0.3-17 228.02 157.60 385.62 NOTE
r-devel-linux-x86_64-fedora-clang 0.3-17 673.26 NOTE
r-devel-linux-x86_64-fedora-gcc 0.3-17 641.33 NOTE
r-devel-windows-x86_64 0.3-17 281.00 250.00 531.00 NOTE
r-devel-windows-x86_64-gcc10-UCRT 0.3-17 NOTE
r-patched-linux-x86_64 0.3-17 221.53 202.24 423.77 NOTE
r-patched-solaris-x86 0.3-17 595.00 NOTE
r-release-linux-x86_64 0.3-17 228.10 201.90 430.00 NOTE
r-release-macos-arm64 0.3-17 NOTE
r-release-macos-x86_64 0.3-17 NOTE
r-release-windows-ix86+x86_64 0.3-17 566.00 243.00 809.00 NOTE
r-oldrel-macos-x86_64 0.3-17 ERROR
r-oldrel-windows-ix86+x86_64 0.3-17 398.00 246.00 644.00 NOTE

Check Details

Version: 0.3-17
Check: for GNU extensions in Makefiles
Result: NOTE
    GNU make is a SystemRequirements.
Flavors: r-devel-linux-x86_64-debian-clang, r-devel-linux-x86_64-debian-gcc, r-devel-linux-x86_64-fedora-clang, r-devel-linux-x86_64-fedora-gcc, r-devel-windows-x86_64, r-devel-windows-x86_64-gcc10-UCRT, r-patched-linux-x86_64, r-patched-solaris-x86, r-release-linux-x86_64, r-release-macos-arm64, r-release-macos-x86_64, r-release-windows-ix86+x86_64, r-oldrel-windows-ix86+x86_64

Version: 0.3-17
Check: installed package size
Result: NOTE
     installed size is 58.4Mb
     sub-directories of 1Mb or more:
     libs 56.3Mb
Flavors: r-devel-linux-x86_64-fedora-clang, r-release-macos-arm64, r-release-macos-x86_64, r-release-windows-ix86+x86_64, r-oldrel-windows-ix86+x86_64

Version: 0.3-17
Check: line endings in C/C++/Fortran sources/headers
Result: NOTE
    Found the following sources/headers with CR or CRLF line endings:
     src/stan_files/stanmarg.hpp
    Some Unix compilers require LF line endings.
Flavor: r-devel-windows-x86_64-gcc10-UCRT

Version: 0.3-17
Check: package dependencies
Result: NOTE
    Packages suggested but not available for checking: 'runjags', 'rjags'
Flavor: r-release-macos-arm64

Version: 0.3-17
Check: package dependencies
Result: ERROR
    Package required and available but unsuitable version: ‘rstan’
    
    See section ‘The DESCRIPTION file’ in the ‘Writing R Extensions’
    manual.
Flavor: r-oldrel-macos-x86_64