CRAN Package Check Results for Package blatent

Last updated on 2021-10-21 07:49:49 CEST.

Flavor Version Tinstall Tcheck Ttotal Status Flags
r-devel-linux-x86_64-debian-clang 0.1.1 115.88 42.74 158.62 NOTE
r-devel-linux-x86_64-debian-gcc 0.1.1 90.66 33.46 124.12 NOTE
r-devel-linux-x86_64-fedora-clang 0.1.1 266.62 NOTE
r-devel-linux-x86_64-fedora-gcc 0.1.1 226.16 NOTE
r-devel-windows-x86_64 0.1.1 159.00 72.00 231.00 NOTE
r-devel-windows-x86_64-gcc10-UCRT 0.1.1 NOTE
r-patched-linux-x86_64 0.1.1 105.36 41.64 147.00 NOTE
r-patched-solaris-x86 0.1.1 210.00 NOTE
r-release-linux-x86_64 0.1.1 100.54 41.51 142.05 NOTE
r-release-macos-arm64 0.1.1 NOTE
r-release-macos-x86_64 0.1.1 NOTE
r-release-windows-ix86+x86_64 0.1.1 222.00 88.00 310.00 NOTE
r-oldrel-macos-x86_64 0.1.1 OK
r-oldrel-windows-ix86+x86_64 0.1.1 313.00 88.00 401.00 OK

Check Details

Version: 0.1.1
Check: LazyData
Result: NOTE
     'LazyData' is specified without a 'data' directory
Flavors: r-devel-linux-x86_64-debian-clang, r-devel-linux-x86_64-debian-gcc, r-devel-linux-x86_64-fedora-clang, r-devel-linux-x86_64-fedora-gcc, r-devel-windows-x86_64, r-devel-windows-x86_64-gcc10-UCRT, r-patched-linux-x86_64, r-patched-solaris-x86, r-release-linux-x86_64, r-release-macos-arm64, r-release-macos-x86_64, r-release-windows-ix86+x86_64

Version: 0.1.1
Check: installed package size
Result: NOTE
     installed size is 5.4Mb
     sub-directories of 1Mb or more:
     libs 5.0Mb
Flavor: r-release-macos-arm64