CRAN Package Check Results for Package bkmr

Last updated on 2021-05-08 07:48:01 CEST.

Flavor Version Tinstall Tcheck Ttotal Status Flags
r-devel-linux-x86_64-debian-clang 0.2.0 12.36 75.69 88.05 NOTE
r-devel-linux-x86_64-debian-gcc 0.2.0 8.98 58.70 67.68 NOTE
r-devel-linux-x86_64-fedora-clang 0.2.0 115.77 NOTE
r-devel-linux-x86_64-fedora-gcc 0.2.0 104.62 NOTE
r-devel-windows-ix86+x86_64 0.2.0 29.00 91.00 120.00 NOTE
r-devel-windows-x86_64-gcc10-UCRT 0.2.0 NOTE
r-patched-linux-x86_64 0.2.0 7.53 74.29 81.82 NOTE
r-patched-solaris-x86 0.2.0 148.20 OK
r-release-linux-x86_64 0.2.0 8.87 70.40 79.27 OK
r-release-macos-x86_64 0.2.0 OK
r-release-windows-ix86+x86_64 0.2.0 16.00 74.00 90.00 OK
r-oldrel-macos-x86_64 0.2.0 OK
r-oldrel-windows-ix86+x86_64 0.2.0 19.00 88.00 107.00 OK

Check Details

Version: 0.2.0
Check: LazyData
Result: NOTE
     'LazyData' is specified without a 'data' directory
Flavors: r-devel-linux-x86_64-debian-clang, r-devel-linux-x86_64-debian-gcc, r-devel-linux-x86_64-fedora-clang, r-devel-linux-x86_64-fedora-gcc, r-devel-windows-ix86+x86_64, r-devel-windows-x86_64-gcc10-UCRT, r-patched-linux-x86_64