CRAN Package Check Results for Package biwt

Last updated on 2021-09-28 07:48:21 CEST.

Flavor Version Tinstall Tcheck Ttotal Status Flags
r-devel-linux-x86_64-debian-clang 1.0 4.19 36.29 40.48 NOTE
r-devel-linux-x86_64-debian-gcc 1.0 3.43 29.54 32.97 NOTE
r-devel-linux-x86_64-fedora-clang 1.0 56.84 NOTE
r-devel-linux-x86_64-fedora-gcc 1.0 47.36 NOTE
r-devel-windows-x86_64 1.0 5.00 38.00 43.00 NOTE
r-devel-windows-x86_64-gcc10-UCRT 1.0 NOTE
r-patched-linux-x86_64 1.0 3.92 35.46 39.38 NOTE
r-patched-solaris-x86 1.0 74.20 NOTE
r-release-linux-x86_64 1.0 4.18 35.21 39.39 NOTE
r-release-macos-arm64 1.0 NOTE
r-release-macos-x86_64 1.0 NOTE
r-release-windows-ix86+x86_64 1.0 9.00 46.00 55.00 NOTE
r-oldrel-macos-x86_64 1.0 NOTE
r-oldrel-windows-ix86+x86_64 1.0 21.00 41.00 62.00 NOTE

Check Details

Version: 1.0
Check: R code for possible problems
Result: NOTE
    biwt.cor: no visible global function definition for 'covMcd'
    biwt.cor: no visible binding for global variable 'mad'
    biwt.est: no visible global function definition for 'covMcd'
    biwt.est: no visible global function definition for 'mahalanobis'
    chi.int: no visible global function definition for 'pchisq'
    chi.int.p: no visible global function definition for 'dchisq'
    chi.int2: no visible global function definition for 'pchisq'
    chi.int2.p: no visible global function definition for 'dchisq'
    rejpt.bw: no visible global function definition for 'pchisq'
    Undefined global functions or variables:
     covMcd dchisq mad mahalanobis pchisq
    Consider adding
     importFrom("stats", "dchisq", "mad", "mahalanobis", "pchisq")
    to your NAMESPACE file.
Flavors: r-devel-linux-x86_64-debian-clang, r-devel-linux-x86_64-debian-gcc, r-devel-linux-x86_64-fedora-clang, r-devel-linux-x86_64-fedora-gcc, r-devel-windows-x86_64, r-devel-windows-x86_64-gcc10-UCRT, r-patched-linux-x86_64, r-patched-solaris-x86, r-release-linux-x86_64, r-release-macos-arm64, r-release-macos-x86_64, r-release-windows-ix86+x86_64, r-oldrel-macos-x86_64, r-oldrel-windows-ix86+x86_64