CRAN Package Check Results for Package bite

Last updated on 2021-10-21 07:49:48 CEST.

Flavor Version Tinstall Tcheck Ttotal Status Flags
r-devel-linux-x86_64-debian-clang 0.3 12.14 111.35 123.49 OK
r-devel-linux-x86_64-debian-gcc 0.3 10.38 84.77 95.15 OK
r-devel-linux-x86_64-fedora-clang 0.3 170.11 NOTE
r-devel-linux-x86_64-fedora-gcc 0.3 146.31 NOTE
r-devel-windows-x86_64 0.3 21.00 138.00 159.00 OK
r-devel-windows-x86_64-gcc10-UCRT 0.3 ERROR
r-patched-linux-x86_64 0.3 15.52 105.53 121.05 OK
r-patched-solaris-x86 0.3 205.50 NOTE
r-release-linux-x86_64 0.3 12.69 106.38 119.07 OK
r-release-macos-arm64 0.3 NOTE
r-release-macos-x86_64 0.3 NOTE
r-release-windows-ix86+x86_64 0.3 21.00 133.00 154.00 OK
r-oldrel-macos-x86_64 0.3 NOTE
r-oldrel-windows-ix86+x86_64 0.3 28.00 138.00 166.00 OK

Check Details

Version: 0.3
Check: dependencies in R code
Result: NOTE
    Namespace in Imports field not imported from: ‘MASS’
     All declared Imports should be used.
Flavors: r-devel-linux-x86_64-fedora-clang, r-devel-linux-x86_64-fedora-gcc, r-patched-solaris-x86, r-release-macos-arm64, r-release-macos-x86_64, r-oldrel-macos-x86_64

Version: 0.3
Check: package dependencies
Result: ERROR
    Package required but not available: 'phytools'
    
    Package suggested but not available for checking: 'mvMORPH'
    
    See section 'The DESCRIPTION file' in the 'Writing R Extensions'
    manual.
Flavor: r-devel-windows-x86_64-gcc10-UCRT