CRAN Package Check Results for Package birankr

Last updated on 2021-07-24 07:49:18 CEST.

Flavor Version Tinstall Tcheck Ttotal Status Flags
r-devel-linux-x86_64-debian-clang 1.0.1 8.23 82.84 91.07 NOTE
r-devel-linux-x86_64-debian-gcc 1.0.1 5.98 56.71 62.69 NOTE
r-devel-linux-x86_64-fedora-clang 1.0.1 107.75 NOTE
r-devel-linux-x86_64-fedora-gcc 1.0.1 92.89 NOTE
r-devel-windows-x86_64 1.0.1 9.00 66.00 75.00 NOTE
r-devel-windows-x86_64-gcc10-UCRT 1.0.1 NOTE
r-patched-linux-x86_64 1.0.1 7.93 71.74 79.67 NOTE
r-patched-solaris-x86 1.0.1 139.70 NOTE
r-release-linux-x86_64 1.0.1 8.30 72.55 80.85 NOTE
r-release-macos-arm64 1.0.1 NOTE
r-release-macos-x86_64 1.0.1 NOTE
r-release-windows-ix86+x86_64 1.0.1 16.00 66.00 82.00 NOTE
r-oldrel-macos-x86_64 1.0.1 OK
r-oldrel-windows-ix86+x86_64 1.0.1 16.00 97.00 113.00 OK

Check Details

Version: 1.0.1
Check: LazyData
Result: NOTE
     'LazyData' is specified without a 'data' directory
Flavors: r-devel-linux-x86_64-debian-clang, r-devel-linux-x86_64-debian-gcc, r-devel-linux-x86_64-fedora-clang, r-devel-linux-x86_64-fedora-gcc, r-devel-windows-x86_64, r-devel-windows-x86_64-gcc10-UCRT, r-patched-linux-x86_64, r-patched-solaris-x86, r-release-linux-x86_64, r-release-macos-arm64, r-release-macos-x86_64, r-release-windows-ix86+x86_64