CRAN Package Check Results for Package bioinactivation

Last updated on 2021-07-27 07:50:15 CEST.

Flavor Version Tinstall Tcheck Ttotal Status Flags
r-devel-linux-x86_64-debian-clang 1.2.3 7.31 94.43 101.74 OK
r-devel-linux-x86_64-debian-gcc 1.2.3 5.68 68.75 74.43 OK
r-devel-linux-x86_64-fedora-clang 1.2.3 126.98 OK
r-devel-linux-x86_64-fedora-gcc 1.2.3 115.22 OK
r-devel-windows-x86_64 1.2.3 12.00 115.00 127.00 OK
r-devel-windows-x86_64-gcc10-UCRT 1.2.3 OK
r-patched-linux-x86_64 1.2.3 10.55 86.17 96.72 OK
r-patched-solaris-x86 1.2.3 156.70 OK
r-release-linux-x86_64 1.2.3 6.83 89.29 96.12 OK
r-release-macos-arm64 1.2.3 WARN
r-release-macos-x86_64 1.2.3 OK
r-release-windows-ix86+x86_64 1.2.3 16.00 84.00 100.00 OK
r-oldrel-macos-x86_64 1.2.3 OK
r-oldrel-windows-ix86+x86_64 1.2.3 14.00 115.00 129.00 OK

Check Details

Version: 1.2.3
Check: re-building of vignette outputs
Result: WARN
    Error(s) in re-building vignettes:
     ...
    --- re-building ‘inactivation.Rmd’ using rmarkdown
    Warning in engine$weave(file, quiet = quiet, encoding = enc) :
     Pandoc (>= 1.12.3) not available. Falling back to R Markdown v1.
    Quitting from lines 69-74 (inactivation.Rmd)
    Error: processing vignette 'inactivation.Rmd' failed with diagnostics:
    polygon edge not found
    --- failed re-building ‘inactivation.Rmd’
    
    SUMMARY: processing the following file failed:
     ‘inactivation.Rmd’
    
    Error: Vignette re-building failed.
    Execution halted
Flavor: r-release-macos-arm64