CRAN Package Check Results for Package bioOED

Last updated on 2021-06-14 07:48:31 CEST.

Flavor Version Tinstall Tcheck Ttotal Status Flags
r-devel-linux-x86_64-debian-clang 0.2.1 14.70 142.30 157.00 NOTE
r-devel-linux-x86_64-debian-gcc 0.2.1 11.59 107.94 119.53 NOTE
r-devel-linux-x86_64-fedora-clang 0.2.1 194.16 NOTE
r-devel-linux-x86_64-fedora-gcc 0.2.1 176.55 NOTE
r-devel-windows-x86_64 0.2.1 23.00 176.00 199.00 NOTE
r-devel-windows-x86_64-gcc10-UCRT 0.2.1 ERROR
r-patched-linux-x86_64 0.2.1 18.60 132.14 150.74 NOTE
r-patched-solaris-x86 0.2.1 249.40 NOTE
r-release-linux-x86_64 0.2.1 13.48 134.67 148.15 NOTE
r-release-macos-arm64 0.2.1 ERROR
r-release-macos-x86_64 0.2.1 NOTE
r-release-windows-ix86+x86_64 0.2.1 35.00 174.00 209.00 NOTE
r-oldrel-macos-x86_64 0.2.1 OK
r-oldrel-windows-ix86+x86_64 0.2.1 35.00 182.00 217.00 OK

Additional issues

M1mac

Check Details

Version: 0.2.1
Check: LazyData
Result: NOTE
     'LazyData' is specified without a 'data' directory
Flavors: r-devel-linux-x86_64-debian-clang, r-devel-linux-x86_64-debian-gcc, r-devel-linux-x86_64-fedora-clang, r-devel-linux-x86_64-fedora-gcc, r-devel-windows-x86_64, r-patched-linux-x86_64, r-patched-solaris-x86, r-release-linux-x86_64, r-release-macos-x86_64, r-release-windows-ix86+x86_64

Version: 0.2.1
Check: package dependencies
Result: ERROR
    Package required but not available: 'MEIGOR'
    
    See section 'The DESCRIPTION file' in the 'Writing R Extensions'
    manual.
Flavors: r-devel-windows-x86_64-gcc10-UCRT, r-release-macos-arm64