CRAN Package Check Results for Package bigstatsr

Last updated on 2021-06-22 07:49:20 CEST.

Flavor Version Tinstall Tcheck Ttotal Status Flags
r-devel-linux-x86_64-debian-clang 1.5.1 248.98 229.65 478.63 OK
r-devel-linux-x86_64-debian-gcc 1.5.1 160.20 179.72 339.92 OK
r-devel-linux-x86_64-fedora-clang 1.5.1 611.73 NOTE
r-devel-linux-x86_64-fedora-gcc 1.5.1 561.97 OK
r-devel-windows-x86_64 1.5.1 325.00 279.00 604.00 OK
r-devel-windows-x86_64-gcc10-UCRT 1.5.1 NOTE
r-patched-linux-x86_64 1.5.1 146.96 209.80 356.76 OK
r-patched-solaris-x86 1.5.1 659.10 OK
r-release-linux-x86_64 1.5.1 171.47 210.65 382.12 OK
r-release-macos-arm64 1.5.1 NOTE
r-release-macos-x86_64 1.5.1 NOTE
r-release-windows-ix86+x86_64 1.5.1 610.00 500.00 1110.00 NOTE
r-oldrel-macos-x86_64 1.5.1 NOTE

Check Details

Version: 1.5.1
Check: installed package size
Result: NOTE
     installed size is 12.8Mb
     sub-directories of 1Mb or more:
     extdata 2.3Mb
     libs 9.8Mb
Flavors: r-devel-linux-x86_64-fedora-clang, r-release-macos-arm64, r-release-macos-x86_64, r-release-windows-ix86+x86_64, r-oldrel-macos-x86_64

Version: 1.5.1
Check: package dependencies
Result: NOTE
    Package suggested but not available for checking: 'covr'
Flavor: r-devel-windows-x86_64-gcc10-UCRT