CRAN Package Check Results for Package bignum

Last updated on 2021-10-18 07:49:35 CEST.

Flavor Version Tinstall Tcheck Ttotal Status Flags
r-devel-linux-x86_64-debian-clang 0.3.0 75.89 43.63 119.52 OK
r-devel-linux-x86_64-debian-gcc 0.3.0 68.74 33.96 102.70 OK
r-devel-linux-x86_64-fedora-clang 0.3.0 198.71 NOTE
r-devel-linux-x86_64-fedora-gcc 0.3.0 185.47 OK
r-devel-windows-x86_64 0.2.2 101.00 82.00 183.00 OK
r-devel-windows-x86_64-gcc10-UCRT 0.2.2 OK
r-patched-linux-x86_64 0.2.2 84.87 42.94 127.81 OK
r-patched-solaris-x86 0.3.0 156.30 OK
r-release-linux-x86_64 0.3.0 78.56 43.26 121.82 OK
r-release-macos-arm64 0.2.2 NOTE
r-release-macos-x86_64 0.3.0 NOTE
r-release-windows-ix86+x86_64 0.2.2 155.00 105.00 260.00 OK
r-oldrel-macos-x86_64 0.3.0 NOTE
r-oldrel-windows-ix86+x86_64 0.3.0 135.00 77.00 212.00 OK

Check Details

Version: 0.3.0
Check: installed package size
Result: NOTE
     installed size is 7.9Mb
     sub-directories of 1Mb or more:
     libs 7.6Mb
Flavors: r-devel-linux-x86_64-fedora-clang, r-release-macos-x86_64, r-oldrel-macos-x86_64

Version: 0.2.2
Check: installed package size
Result: NOTE
     installed size is 11.5Mb
     sub-directories of 1Mb or more:
     libs 11.2Mb
Flavor: r-release-macos-arm64