CRAN Package Check Results for Package beezdemand

Last updated on 2021-09-21 07:49:55 CEST.

Flavor Version Tinstall Tcheck Ttotal Status Flags
r-devel-linux-x86_64-debian-clang 0.1.0 7.14 71.01 78.15 OK
r-devel-linux-x86_64-debian-gcc 0.1.0 5.71 52.28 57.99 OK
r-devel-linux-x86_64-fedora-clang 0.1.0 103.07 OK
r-devel-linux-x86_64-fedora-gcc 0.1.0 89.67 OK
r-devel-windows-x86_64 0.1.0 11.00 68.00 79.00 OK
r-devel-windows-x86_64-gcc10-UCRT 0.1.0 ERROR
r-patched-linux-x86_64 0.1.0 6.15 66.28 72.43 OK
r-patched-solaris-x86 0.1.0 104.50 OK
r-release-linux-x86_64 0.1.0 6.31 65.65 71.96 OK
r-release-macos-arm64 0.1.0 OK
r-release-macos-x86_64 0.1.0 OK
r-release-windows-ix86+x86_64 0.1.0 17.00 89.00 106.00 OK
r-oldrel-macos-x86_64 0.1.0 OK
r-oldrel-windows-ix86+x86_64 0.1.0 17.00 101.00 118.00 OK

Check Details

Version: 0.1.0
Check: whether package can be installed
Result: WARN
    Found the following significant warnings:
     WARNING: installation-time patches will not be applied, could not get the patches index
Flavor: r-devel-windows-x86_64-gcc10-UCRT

Version: 0.1.0
Check: PDF version of manual
Result: WARN
    LaTeX errors when creating PDF version.
    This typically indicates Rd problems.
Flavor: r-devel-windows-x86_64-gcc10-UCRT

Version: 0.1.0
Check: PDF version of manual without hyperrefs or index
Result: ERROR
    Re-running with no redirection of stdout/stderr.
Flavor: r-devel-windows-x86_64-gcc10-UCRT