CRAN Package Check Results for Package beanz

Last updated on 2021-07-28 07:49:11 CEST.

Flavor Version Tinstall Tcheck Ttotal Status Flags
r-devel-linux-x86_64-debian-clang 2.4 NOTE
r-devel-linux-x86_64-debian-gcc 2.4 659.33 199.86 859.19 NOTE
r-devel-linux-x86_64-fedora-clang 2.4 1408.34 NOTE
r-devel-linux-x86_64-fedora-gcc 2.4 1503.39 NOTE
r-devel-windows-x86_64 2.4 164.00 8.00 172.00 ERROR
r-devel-windows-x86_64-gcc10-UCRT 2.4 NOTE
r-patched-linux-x86_64 2.4 606.40 257.83 864.23 NOTE
r-patched-solaris-x86 2.4 1322.00 NOTE
r-release-linux-x86_64 2.4 646.77 258.75 905.52 NOTE
r-release-macos-arm64 2.4 NOTE
r-release-macos-x86_64 2.4 NOTE
r-release-windows-ix86+x86_64 2.4 1667.00 345.00 2012.00 NOTE
r-oldrel-macos-x86_64 2.4 NOTE
r-oldrel-windows-ix86+x86_64 2.4 1452.00 470.00 1922.00 NOTE

Check Details

Version: 2.4
Check: for GNU extensions in Makefiles
Result: NOTE
    GNU make is a SystemRequirements.
Flavors: r-devel-linux-x86_64-debian-clang, r-devel-linux-x86_64-debian-gcc, r-devel-linux-x86_64-fedora-clang, r-devel-linux-x86_64-fedora-gcc, r-devel-windows-x86_64-gcc10-UCRT, r-patched-linux-x86_64, r-patched-solaris-x86, r-release-linux-x86_64, r-release-macos-arm64, r-release-macos-x86_64, r-release-windows-ix86+x86_64, r-oldrel-macos-x86_64, r-oldrel-windows-ix86+x86_64

Version: 2.4
Check: installed package size
Result: NOTE
     installed size is 98.0Mb
     sub-directories of 1Mb or more:
     libs 96.5Mb
Flavors: r-devel-linux-x86_64-fedora-clang, r-patched-solaris-x86, r-release-macos-arm64, r-release-macos-x86_64, r-release-windows-ix86+x86_64, r-oldrel-macos-x86_64, r-oldrel-windows-ix86+x86_64

Version: 2.4
Check: dependencies in R code
Result: NOTE
    Namespace in Imports field not imported from: ‘rstantools’
     All declared Imports should be used.
Flavors: r-devel-linux-x86_64-fedora-clang, r-devel-linux-x86_64-fedora-gcc, r-devel-windows-x86_64-gcc10-UCRT, r-patched-solaris-x86, r-release-macos-arm64, r-release-macos-x86_64, r-oldrel-macos-x86_64

Version: 2.4
Check: whether package can be installed
Result: ERROR
    Installation failed.
Flavor: r-devel-windows-x86_64

Version: 2.4
Check: line endings in C/C++/Fortran sources/headers
Result: NOTE
    Found the following sources/headers with CR or CRLF line endings:
     src/stan_files/bs.hpp
     src/stan_files/ds.hpp
     src/stan_files/eds.hpp
     src/stan_files/fs.hpp
     src/stan_files/nse.hpp
     src/stan_files/sr.hpp
     src/stan_files/srs.hpp
    Some Unix compilers require LF line endings.
Flavor: r-devel-windows-x86_64-gcc10-UCRT