CRAN Package Check Results for Package bdl

Last updated on 2021-06-25 08:49:53 CEST.

Flavor Version Tinstall Tcheck Ttotal Status Flags
r-devel-linux-x86_64-debian-clang 1.0.3 17.51 161.58 179.09 NOTE
r-devel-linux-x86_64-debian-gcc 1.0.3 14.31 121.01 135.32 NOTE
r-devel-linux-x86_64-fedora-clang 1.0.3 217.84 NOTE
r-devel-linux-x86_64-fedora-gcc 1.0.3 208.58 NOTE
r-devel-windows-x86_64 1.0.3 29.00 156.00 185.00 NOTE
r-devel-windows-x86_64-gcc10-UCRT 1.0.3 NOTE
r-patched-linux-x86_64 1.0.3 16.47 150.45 166.92 NOTE
r-patched-solaris-x86 1.0.3 301.10 NOTE
r-release-linux-x86_64 1.0.3 16.56 149.52 166.08 NOTE
r-release-macos-arm64 1.0.3 NOTE
r-release-macos-x86_64 1.0.3 NOTE
r-release-windows-ix86+x86_64 1.0.3 33.00 172.00 205.00 NOTE
r-oldrel-macos-x86_64 1.0.3 OK
r-oldrel-windows-ix86+x86_64 1.0.3 40.00 193.00 233.00 OK

Check Details

Version: 1.0.3
Check: LazyData
Result: NOTE
     'LazyData' is specified without a 'data' directory
Flavors: r-devel-linux-x86_64-debian-clang, r-devel-linux-x86_64-debian-gcc, r-devel-linux-x86_64-fedora-clang, r-devel-linux-x86_64-fedora-gcc, r-devel-windows-x86_64, r-devel-windows-x86_64-gcc10-UCRT, r-patched-linux-x86_64, r-patched-solaris-x86, r-release-linux-x86_64, r-release-macos-arm64, r-release-macos-x86_64, r-release-windows-ix86+x86_64