CRAN Package Check Results for Package baystability

Last updated on 2021-06-15 08:49:47 CEST.

Flavor Version Tinstall Tcheck Ttotal Status Flags
r-devel-linux-x86_64-debian-clang 0.1.0 14.46 126.46 140.92 OK
r-devel-linux-x86_64-debian-gcc 0.1.0 12.50 95.63 108.13 OK
r-devel-linux-x86_64-fedora-clang 0.1.0 175.91 NOTE
r-devel-linux-x86_64-fedora-gcc 0.1.0 162.90 NOTE
r-devel-windows-x86_64 0.1.0 22.00 158.00 180.00 OK
r-devel-windows-x86_64-gcc10-UCRT 0.1.0 NOTE
r-patched-linux-x86_64 0.1.0 12.38 119.03 131.41 OK
r-patched-solaris-x86 0.1.0 239.50 NOTE
r-release-linux-x86_64 0.1.0 13.88 118.17 132.05 OK
r-release-macos-arm64 0.1.0 NOTE
r-release-macos-x86_64 0.1.0 NOTE
r-release-windows-ix86+x86_64 0.1.0 33.00 149.00 182.00 OK
r-oldrel-macos-x86_64 0.1.0 NOTE
r-oldrel-windows-ix86+x86_64 0.1.0 47.00 154.00 201.00 OK

Check Details

Version: 0.1.0
Check: dependencies in R code
Result: NOTE
    Namespaces in Imports field not imported from:
     ‘ggfortify’ ‘ggplot2’ ‘matrixStats’ ‘reshape2’ ‘scales’
     All declared Imports should be used.
Flavors: r-devel-linux-x86_64-fedora-clang, r-devel-linux-x86_64-fedora-gcc, r-devel-windows-x86_64-gcc10-UCRT, r-patched-solaris-x86, r-release-macos-arm64, r-release-macos-x86_64, r-oldrel-macos-x86_64