CRAN Package Check Results for Package bayesmove

Last updated on 2021-06-22 07:49:20 CEST.

Flavor Version Tinstall Tcheck Ttotal Status Flags
r-devel-linux-x86_64-debian-clang 0.2.0 49.08 122.58 171.66 OK
r-devel-linux-x86_64-debian-gcc 0.2.0 34.06 88.16 122.22 OK
r-devel-linux-x86_64-fedora-clang 0.2.0 231.36 NOTE
r-devel-linux-x86_64-fedora-gcc 0.2.0 203.54 NOTE
r-devel-windows-x86_64 0.2.0 63.00 143.00 206.00 OK
r-devel-windows-x86_64-gcc10-UCRT 0.2.0 ERROR
r-patched-linux-x86_64 0.2.0 41.52 113.16 154.68 OK
r-patched-solaris-x86 0.2.0 246.50 NOTE
r-release-linux-x86_64 0.2.0 43.85 112.58 156.43 OK
r-release-macos-arm64 0.2.0 NOTE
r-release-macos-x86_64 0.2.0 NOTE
r-release-windows-ix86+x86_64 0.2.0 118.00 249.00 367.00 OK
r-oldrel-macos-x86_64 0.2.0 NOTE

Check Details

Version: 0.2.0
Check: dependencies in R code
Result: NOTE
    Namespace in Imports field not imported from: ‘move’
     All declared Imports should be used.
Flavors: r-devel-linux-x86_64-fedora-clang, r-devel-linux-x86_64-fedora-gcc, r-patched-solaris-x86, r-release-macos-arm64, r-release-macos-x86_64, r-oldrel-macos-x86_64

Version: 0.2.0
Check: package dependencies
Result: ERROR
    Package required but not available: 'move'
    
    Package suggested but not available for checking: 'covr'
    
    See section 'The DESCRIPTION file' in the 'Writing R Extensions'
    manual.
Flavor: r-devel-windows-x86_64-gcc10-UCRT