CRAN Package Check Results for Package bayesLife

Last updated on 2021-10-18 07:49:35 CEST.

Flavor Version Tinstall Tcheck Ttotal Status Flags
r-devel-linux-x86_64-debian-clang 5.0-3 13.12 99.39 112.51 OK
r-devel-linux-x86_64-debian-gcc 5.0-3 10.20 73.03 83.23 OK
r-devel-linux-x86_64-fedora-clang 5.0-3 144.98 NOTE
r-devel-linux-x86_64-fedora-gcc 5.0-3 130.89 OK
r-devel-windows-x86_64 5.0-3 24.00 131.00 155.00 OK
r-devel-windows-x86_64-gcc10-UCRT 5.0-3 OK
r-patched-linux-x86_64 5.0-3 14.78 93.45 108.23 OK
r-patched-solaris-x86 5.0-3 179.20 OK
r-release-linux-x86_64 5.0-3 12.48 93.37 105.85 OK
r-release-macos-arm64 5.0-3 OK
r-release-macos-x86_64 5.0-3 OK
r-release-windows-ix86+x86_64 5.0-3 32.00 180.00 212.00 OK
r-oldrel-macos-x86_64 5.0-3 OK
r-oldrel-windows-ix86+x86_64 5.0-3 34.00 191.00 225.00 OK

Check Details

Version: 5.0-3
Check: Rd cross-references
Result: NOTE
    Undeclared packages ‘rworldmap’, ‘snowFT’ in Rd xrefs
Flavor: r-devel-linux-x86_64-fedora-clang