CRAN Package Check Results for Package bayesGARCH

Last updated on 2021-07-31 07:50:31 CEST.

Flavor Version Tinstall Tcheck Ttotal Status Flags
r-devel-linux-x86_64-debian-clang 2.1.10 3.38 33.30 36.68 OK
r-devel-linux-x86_64-debian-gcc 2.1.10 2.29 25.67 27.96 OK
r-devel-linux-x86_64-fedora-clang 2.1.10 55.76 NOTE
r-devel-linux-x86_64-fedora-gcc 2.1.10 43.11 OK
r-devel-windows-x86_64 2.1.10 6.00 52.00 58.00 OK
r-devel-windows-x86_64-gcc10-UCRT 2.1.10 OK
r-patched-linux-x86_64 2.1.10 OK
r-patched-solaris-x86 2.1.10 64.10 OK
r-release-linux-x86_64 2.1.10 2.99 32.65 35.64 OK
r-release-macos-arm64 2.1.10 OK
r-release-macos-x86_64 2.1.10 OK
r-release-windows-ix86+x86_64 2.1.10 9.00 51.00 60.00 OK
r-oldrel-macos-x86_64 2.1.10 OK
r-oldrel-windows-ix86+x86_64 2.1.10 9.00 66.00 75.00 OK

Check Details

Version: 2.1.10
Check: Rd cross-references
Result: NOTE
    Undeclared package ‘fGarch’ in Rd xrefs
Flavor: r-devel-linux-x86_64-fedora-clang