CRAN Package Check Results for Package bayes4psy

Last updated on 2021-05-12 07:48:14 CEST.

Flavor Version Tinstall Tcheck Ttotal Status Flags
r-devel-linux-x86_64-debian-clang 1.2.6 567.20 395.84 963.04 WARN
r-devel-linux-x86_64-debian-gcc 1.2.6 463.31 303.73 767.04 NOTE
r-devel-linux-x86_64-fedora-clang 1.2.6 1257.48 NOTE
r-devel-linux-x86_64-fedora-gcc 1.2.6 1338.13 NOTE
r-devel-windows-ix86+x86_64 1.2.6 1084.00 788.00 1872.00 NOTE
r-devel-windows-x86_64-gcc10-UCRT 1.2.6 NOTE
r-patched-linux-x86_64 1.2.6 447.99 407.58 855.57 NOTE
r-patched-solaris-x86 1.2.6 1352.20 NOTE
r-release-linux-x86_64 1.2.6 498.54 410.16 908.70 NOTE
r-release-macos-x86_64 1.2.6 ERROR
r-release-windows-ix86+x86_64 1.2.6 876.00 620.00 1496.00 NOTE
r-oldrel-macos-x86_64 1.2.6 ERROR
r-oldrel-windows-ix86+x86_64 1.2.4 1210.00 663.00 1873.00 WARN

Check Details

Version: 1.2.6
Check: for GNU extensions in Makefiles
Result: NOTE
    GNU make is a SystemRequirements.
Flavors: r-devel-linux-x86_64-debian-clang, r-devel-linux-x86_64-debian-gcc, r-devel-linux-x86_64-fedora-clang, r-devel-linux-x86_64-fedora-gcc, r-devel-windows-ix86+x86_64, r-devel-windows-x86_64-gcc10-UCRT, r-patched-linux-x86_64, r-patched-solaris-x86, r-release-linux-x86_64, r-release-windows-ix86+x86_64

Version: 1.2.6
Check: re-building of vignette outputs
Result: WARN
    Error(s) in re-building vignettes:
     ...
    --- re-building 'adaptation_level.Rmd' using rmarkdown
    Loading required package: Rcpp
    
    Attaching package: 'dplyr'
    
    The following objects are masked from 'package:stats':
    
     filter, lag
    
    The following objects are masked from 'package:base':
    
     intersect, setdiff, setequal, union
    
    Scale for 'x' is already present. Adding another scale for 'x', which will replace the existing scale.
    Scale for 'y' is already present. Adding another scale for 'y', which will replace the existing scale.
    --- finished re-building 'adaptation_level.Rmd'
    
    --- re-building 'afterimages.Rmd' using rmarkdown
    Loading required package: Rcpp
    
    Attaching package: 'dplyr'
    
    The following objects are masked from 'package:stats':
    
     filter, lag
    
    The following objects are masked from 'package:base':
    
     intersect, setdiff, setequal, union
    
    --- finished re-building 'afterimages.Rmd'
    
    --- re-building 'flanker.Rmd' using rmarkdown
    Loading required package: Rcpp
    
    Attaching package: 'dplyr'
    
    The following objects are masked from 'package:stats':
    
     filter, lag
    
    The following objects are masked from 'package:base':
    
     intersect, setdiff, setequal, union
    
    Quitting from lines 124-129 (flanker.Rmd)
    Error: processing vignette 'flanker.Rmd' failed with diagnostics:
    result would be too long a vector
    --- failed re-building 'flanker.Rmd'
    
    --- re-building 'stroop.Rmd' using rmarkdown
    Loading required package: Rcpp
    Scale for 'fill' is already present. Adding another scale for 'fill', which will replace the existing scale.
    --- finished re-building 'stroop.Rmd'
    
    SUMMARY: processing the following file failed:
     'flanker.Rmd'
    
    Error: Vignette re-building failed.
    Execution halted
Flavor: r-devel-linux-x86_64-debian-clang

Version: 1.2.6
Check: installed package size
Result: NOTE
     installed size is 71.8Mb
     sub-directories of 1Mb or more:
     libs 69.8Mb
Flavors: r-devel-linux-x86_64-fedora-clang, r-devel-windows-ix86+x86_64, r-patched-solaris-x86, r-release-windows-ix86+x86_64

Version: 1.2.6
Check: dependencies in R code
Result: NOTE
    Namespaces in Imports field not imported from:
     ‘scales’ ‘utils’
     All declared Imports should be used.
Flavors: r-devel-linux-x86_64-fedora-clang, r-devel-linux-x86_64-fedora-gcc, r-devel-windows-x86_64-gcc10-UCRT, r-patched-solaris-x86

Version: 1.2.6
Check: line endings in C/C++/Fortran sources/headers
Result: NOTE
    Found the following sources/headers with CR or CRLF line endings:
     src/stan_files/color.hpp
     src/stan_files/linear.hpp
     src/stan_files/reaction_time.hpp
     src/stan_files/success_rate.hpp
     src/stan_files/ttest.hpp
    Some Unix compilers require LF line endings.
Flavor: r-devel-windows-x86_64-gcc10-UCRT

Version: 1.2.6
Check: package dependencies
Result: ERROR
    Package required and available but unsuitable version: ‘rstan’
    
    See section ‘The DESCRIPTION file’ in the ‘Writing R Extensions’
    manual.
Flavor: r-release-macos-x86_64

Version: 1.2.6
Check: package dependencies
Result: ERROR
    Packages required and available but unsuitable versions:
     'methods', 'stats', 'utils'
    
    See section ‘The DESCRIPTION file’ in the ‘Writing R Extensions’
    manual.
Flavor: r-oldrel-macos-x86_64

Version: 1.2.4
Check: installed package size
Result: NOTE
     installed size is 10.4Mb
     sub-directories of 1Mb or more:
     libs 8.6Mb
Flavor: r-oldrel-windows-ix86+x86_64

Version: 1.2.4
Check: for GNU extensions in Makefiles
Result: NOTE
    GNU make is a SystemRequirements.
Flavor: r-oldrel-windows-ix86+x86_64

Version: 1.2.4
Check: re-building of vignette outputs
Result: WARN
    Error(s) in re-building vignettes:
    --- re-building 'adaptation_level.Rmd' using rmarkdown
    Loading required package: Rcpp
    
    Attaching package: 'dplyr'
    
    The following objects are masked from 'package:stats':
    
     filter, lag
    
    The following objects are masked from 'package:base':
    
     intersect, setdiff, setequal, union
    
    Quitting from lines 83-85 (adaptation_level.Rmd)
    Error: processing vignette 'adaptation_level.Rmd' failed with diagnostics:
    result would be too long a vector
    --- failed re-building 'adaptation_level.Rmd'
    
    --- re-building 'afterimages.Rmd' using rmarkdown
    Loading required package: Rcpp
    
    Attaching package: 'dplyr'
    
    The following objects are masked from 'package:stats':
    
     filter, lag
    
    The following objects are masked from 'package:base':
    
     intersect, setdiff, setequal, union
    
    --- finished re-building 'afterimages.Rmd'
    
    --- re-building 'flanker.Rmd' using rmarkdown
    Loading required package: Rcpp
    
    Attaching package: 'dplyr'
    
    The following objects are masked from 'package:stats':
    
     filter, lag
    
    The following objects are masked from 'package:base':
    
     intersect, setdiff, setequal, union
    
    --- finished re-building 'flanker.Rmd'
    
    --- re-building 'stroop.Rmd' using rmarkdown
    Loading required package: Rcpp
    Scale for 'fill' is already present. Adding another scale for 'fill', which will replace the existing scale.
    --- finished re-building 'stroop.Rmd'
    
    SUMMARY: processing the following file failed:
     'adaptation_level.Rmd'
    
    Error: Vignette re-building failed.
    Execution halted
Flavor: r-oldrel-windows-ix86+x86_64